Last updated on 2025-05-17 13:49:32 CEST.
Flavor | Version | Tinstall | Tcheck | Ttotal | Status | Flags |
---|---|---|---|---|---|---|
r-devel-linux-x86_64-debian-clang | 0.2.8 | 6.93 | 46.63 | 53.56 | ERROR | |
r-devel-linux-x86_64-debian-gcc | 0.2.8 | 4.64 | 35.63 | 40.27 | ERROR | |
r-devel-linux-x86_64-fedora-clang | 0.2.8 | 81.73 | OK | |||
r-devel-linux-x86_64-fedora-gcc | 0.2.8 | 80.09 | OK | |||
r-devel-windows-x86_64 | 0.2.8 | 10.00 | 69.00 | 79.00 | ERROR | |
r-patched-linux-x86_64 | 0.2.8 | 7.62 | 43.29 | 50.91 | OK | |
r-release-linux-x86_64 | 0.2.8 | 6.70 | 43.24 | 49.94 | OK | |
r-release-macos-arm64 | 0.2.8 | 34.00 | OK | |||
r-release-macos-x86_64 | 0.2.8 | 56.00 | OK | |||
r-release-windows-x86_64 | 0.2.8 | 11.00 | 69.00 | 80.00 | ERROR | |
r-oldrel-macos-arm64 | 0.2.8 | 35.00 | OK | |||
r-oldrel-macos-x86_64 | 0.2.8 | 72.00 | OK | |||
r-oldrel-windows-x86_64 | 0.2.8 | 12.00 | 85.00 | 97.00 | OK |
Version: 0.2.8
Check: tests
Result: ERROR
Running ‘testthat.R’ [8s/10s]
Running the tests in ‘tests/testthat.R’ failed.
Complete output:
> # This file is part of the standard setup for testthat.
> # It is recommended that you do not modify it.
> #
> # Where should you do additional test configuration?
> # Learn more about the roles of various files in:
> # * https://r-pkgs.org/testing-design.html#sec-tests-files-overview
> # * https://testthat.r-lib.org/articles/special-files.html
>
> library(testthat)
> library(checked)
>
> test_check("checked")
alias version
marginaleffects marginaleffects (dev) 0.25.1
marginaleffects1 marginaleffects (v2.3.0) 0.25.1
mlr3shiny mlr3shiny (dev) 0.5.0
mlr3shiny1 mlr3shiny (v2.3.0) 0.5.0
tidysdm tidysdm (dev) 1.0.0
tidysdm1 tidysdm (v2.3.0) 1.0.0
package custom
marginaleffects <task marginaleffects (dev)> <task DALEXtra (dev)>
marginaleffects1 <task marginaleffects (v2.3.0)> <task DALEXtra (release)>
mlr3shiny <task mlr3shiny (dev)> <task DALEXtra (dev)>
mlr3shiny1 <task mlr3shiny (v2.3.0)> <task DALEXtra (release)>
tidysdm <task tidysdm (dev)> <task DALEXtra (dev)>
tidysdm1 <task tidysdm (v2.3.0)> <task DALEXtra (release)>
[[1]]
<task marginaleffects (dev)>
[[2]]
<task marginaleffects (v2.3.0)>
[[3]]
<task mlr3shiny (dev)>
[[4]]
<task mlr3shiny (v2.3.0)>
[[5]]
<task tidysdm (dev)>
[[6]]
<task tidysdm (v2.3.0)>
attr(,"class")
[1] "list_of_task_spec" "list"
[[1]]
<task DALEXtra (dev)>
[[2]]
<task DALEXtra (release)>
[[3]]
<task DALEXtra (dev)>
[[4]]
<task DALEXtra (release)>
[[5]]
<task DALEXtra (dev)>
[[6]]
<task DALEXtra (release)>
attr(,"class")
[1] "list_of_task_spec" "list"
[ FAIL 2 | WARN 0 | SKIP 3 | PASS 57 ]
══ Skipped tests (3) ═══════════════════════════════════════════════════════════
• On CRAN (3): 'test-check-reverse.R:3:1', 'test-check.R:3:1',
'test-results.R:3:1'
══ Failed tests ════════════════════════════════════════════════════════════════
── Failure ('test-checks_df.R:18:3'): rev_dep_check_tasks_df works with deafult params ──
NROW(df) >= 8 is not TRUE
`actual`: FALSE
`expected`: TRUE
── Failure ('test-checks_df.R:121:3'): rev_dep_check_tasks_df development_only = TRUE ──
NROW(df) >= 4 is not TRUE
`actual`: FALSE
`expected`: TRUE
[ FAIL 2 | WARN 0 | SKIP 3 | PASS 57 ]
Error: Test failures
Execution halted
Flavor: r-devel-linux-x86_64-debian-clang
Version: 0.2.8
Check: tests
Result: ERROR
Running ‘testthat.R’ [7s/9s]
Running the tests in ‘tests/testthat.R’ failed.
Complete output:
> # This file is part of the standard setup for testthat.
> # It is recommended that you do not modify it.
> #
> # Where should you do additional test configuration?
> # Learn more about the roles of various files in:
> # * https://r-pkgs.org/testing-design.html#sec-tests-files-overview
> # * https://testthat.r-lib.org/articles/special-files.html
>
> library(testthat)
> library(checked)
>
> test_check("checked")
alias version
marginaleffects marginaleffects (dev) 0.25.1
marginaleffects1 marginaleffects (v2.3.0) 0.25.1
mlr3shiny mlr3shiny (dev) 0.5.0
mlr3shiny1 mlr3shiny (v2.3.0) 0.5.0
tidysdm tidysdm (dev) 1.0.0
tidysdm1 tidysdm (v2.3.0) 1.0.0
package custom
marginaleffects <task marginaleffects (dev)> <task DALEXtra (dev)>
marginaleffects1 <task marginaleffects (v2.3.0)> <task DALEXtra (release)>
mlr3shiny <task mlr3shiny (dev)> <task DALEXtra (dev)>
mlr3shiny1 <task mlr3shiny (v2.3.0)> <task DALEXtra (release)>
tidysdm <task tidysdm (dev)> <task DALEXtra (dev)>
tidysdm1 <task tidysdm (v2.3.0)> <task DALEXtra (release)>
[[1]]
<task marginaleffects (dev)>
[[2]]
<task marginaleffects (v2.3.0)>
[[3]]
<task mlr3shiny (dev)>
[[4]]
<task mlr3shiny (v2.3.0)>
[[5]]
<task tidysdm (dev)>
[[6]]
<task tidysdm (v2.3.0)>
attr(,"class")
[1] "list_of_task_spec" "list"
[[1]]
<task DALEXtra (dev)>
[[2]]
<task DALEXtra (release)>
[[3]]
<task DALEXtra (dev)>
[[4]]
<task DALEXtra (release)>
[[5]]
<task DALEXtra (dev)>
[[6]]
<task DALEXtra (release)>
attr(,"class")
[1] "list_of_task_spec" "list"
[ FAIL 2 | WARN 0 | SKIP 3 | PASS 57 ]
══ Skipped tests (3) ═══════════════════════════════════════════════════════════
• On CRAN (3): 'test-check-reverse.R:3:1', 'test-check.R:3:1',
'test-results.R:3:1'
══ Failed tests ════════════════════════════════════════════════════════════════
── Failure ('test-checks_df.R:18:3'): rev_dep_check_tasks_df works with deafult params ──
NROW(df) >= 8 is not TRUE
`actual`: FALSE
`expected`: TRUE
── Failure ('test-checks_df.R:121:3'): rev_dep_check_tasks_df development_only = TRUE ──
NROW(df) >= 4 is not TRUE
`actual`: FALSE
`expected`: TRUE
[ FAIL 2 | WARN 0 | SKIP 3 | PASS 57 ]
Error: Test failures
Execution halted
Flavor: r-devel-linux-x86_64-debian-gcc
Version: 0.2.8
Check: tests
Result: ERROR
Running 'testthat.R' [9s]
Running the tests in 'tests/testthat.R' failed.
Complete output:
> # This file is part of the standard setup for testthat.
> # It is recommended that you do not modify it.
> #
> # Where should you do additional test configuration?
> # Learn more about the roles of various files in:
> # * https://r-pkgs.org/testing-design.html#sec-tests-files-overview
> # * https://testthat.r-lib.org/articles/special-files.html
>
> library(testthat)
> library(checked)
>
> test_check("checked")
alias version
marginaleffects marginaleffects (dev) 0.25.1
marginaleffects1 marginaleffects (v2.3.0) 0.25.1
mlr3shiny mlr3shiny (dev) 0.5.0
mlr3shiny1 mlr3shiny (v2.3.0) 0.5.0
tidysdm tidysdm (dev) 1.0.0
tidysdm1 tidysdm (v2.3.0) 1.0.0
package custom
marginaleffects <task marginaleffects (dev)> <task DALEXtra (dev)>
marginaleffects1 <task marginaleffects (v2.3.0)> <task DALEXtra (release)>
mlr3shiny <task mlr3shiny (dev)> <task DALEXtra (dev)>
mlr3shiny1 <task mlr3shiny (v2.3.0)> <task DALEXtra (release)>
tidysdm <task tidysdm (dev)> <task DALEXtra (dev)>
tidysdm1 <task tidysdm (v2.3.0)> <task DALEXtra (release)>
[[1]]
<task marginaleffects (dev)>
[[2]]
<task marginaleffects (v2.3.0)>
[[3]]
<task mlr3shiny (dev)>
[[4]]
<task mlr3shiny (v2.3.0)>
[[5]]
<task tidysdm (dev)>
[[6]]
<task tidysdm (v2.3.0)>
attr(,"class")
[1] "list_of_task_spec" "list"
[[1]]
<task DALEXtra (dev)>
[[2]]
<task DALEXtra (release)>
[[3]]
<task DALEXtra (dev)>
[[4]]
<task DALEXtra (release)>
[[5]]
<task DALEXtra (dev)>
[[6]]
<task DALEXtra (release)>
attr(,"class")
[1] "list_of_task_spec" "list"
[ FAIL 2 | WARN 0 | SKIP 3 | PASS 57 ]
══ Skipped tests (3) ═══════════════════════════════════════════════════════════
• On CRAN (3): 'test-check-reverse.R:3:1', 'test-check.R:3:1',
'test-results.R:3:1'
══ Failed tests ════════════════════════════════════════════════════════════════
── Failure ('test-checks_df.R:18:3'): rev_dep_check_tasks_df works with deafult params ──
NROW(df) >= 8 is not TRUE
`actual`: FALSE
`expected`: TRUE
── Failure ('test-checks_df.R:121:3'): rev_dep_check_tasks_df development_only = TRUE ──
NROW(df) >= 4 is not TRUE
`actual`: FALSE
`expected`: TRUE
[ FAIL 2 | WARN 0 | SKIP 3 | PASS 57 ]
Error: Test failures
Execution halted
Flavor: r-devel-windows-x86_64
Version: 0.2.8
Check: tests
Result: ERROR
Running 'testthat.R' [8s]
Running the tests in 'tests/testthat.R' failed.
Complete output:
> # This file is part of the standard setup for testthat.
> # It is recommended that you do not modify it.
> #
> # Where should you do additional test configuration?
> # Learn more about the roles of various files in:
> # * https://r-pkgs.org/testing-design.html#sec-tests-files-overview
> # * https://testthat.r-lib.org/articles/special-files.html
>
> library(testthat)
> library(checked)
>
> test_check("checked")
alias version
marginaleffects marginaleffects (dev) 0.25.1
marginaleffects1 marginaleffects (v2.3.0) 0.25.1
mlr3shiny mlr3shiny (dev) 0.5.0
mlr3shiny1 mlr3shiny (v2.3.0) 0.5.0
tidysdm tidysdm (dev) 1.0.0
tidysdm1 tidysdm (v2.3.0) 1.0.0
package custom
marginaleffects <task marginaleffects (dev)> <task DALEXtra (dev)>
marginaleffects1 <task marginaleffects (v2.3.0)> <task DALEXtra (release)>
mlr3shiny <task mlr3shiny (dev)> <task DALEXtra (dev)>
mlr3shiny1 <task mlr3shiny (v2.3.0)> <task DALEXtra (release)>
tidysdm <task tidysdm (dev)> <task DALEXtra (dev)>
tidysdm1 <task tidysdm (v2.3.0)> <task DALEXtra (release)>
[[1]]
<task marginaleffects (dev)>
[[2]]
<task marginaleffects (v2.3.0)>
[[3]]
<task mlr3shiny (dev)>
[[4]]
<task mlr3shiny (v2.3.0)>
[[5]]
<task tidysdm (dev)>
[[6]]
<task tidysdm (v2.3.0)>
attr(,"class")
[1] "list_of_task_spec" "list"
[[1]]
<task DALEXtra (dev)>
[[2]]
<task DALEXtra (release)>
[[3]]
<task DALEXtra (dev)>
[[4]]
<task DALEXtra (release)>
[[5]]
<task DALEXtra (dev)>
[[6]]
<task DALEXtra (release)>
attr(,"class")
[1] "list_of_task_spec" "list"
[ FAIL 2 | WARN 0 | SKIP 3 | PASS 57 ]
══ Skipped tests (3) ═══════════════════════════════════════════════════════════
• On CRAN (3): 'test-check-reverse.R:3:1', 'test-check.R:3:1',
'test-results.R:3:1'
══ Failed tests ════════════════════════════════════════════════════════════════
── Failure ('test-checks_df.R:18:3'): rev_dep_check_tasks_df works with deafult params ──
NROW(df) >= 8 is not TRUE
`actual`: FALSE
`expected`: TRUE
── Failure ('test-checks_df.R:121:3'): rev_dep_check_tasks_df development_only = TRUE ──
NROW(df) >= 4 is not TRUE
`actual`: FALSE
`expected`: TRUE
[ FAIL 2 | WARN 0 | SKIP 3 | PASS 57 ]
Error: Test failures
Execution halted
Flavor: r-release-windows-x86_64
These binaries (installable software) and packages are in development.
They may not be fully stable and should be used with caution. We make no claims about them.
Health stats visible at Monitor.