Last updated on 2025-10-30 19:53:20 CET.
| Flavor | Version | Tinstall | Tcheck | Ttotal | Status | Flags | 
|---|---|---|---|---|---|---|
| r-devel-linux-x86_64-debian-clang | 0.4 | 4.74 | 50.51 | 55.25 | NOTE | |
| r-devel-linux-x86_64-debian-gcc | 0.4 | 3.48 | 36.40 | 39.88 | NOTE | |
| r-devel-linux-x86_64-fedora-clang | 0.4 | 25.00 | 64.62 | 89.62 | NOTE | |
| r-devel-linux-x86_64-fedora-gcc | 0.4 | 20.00 | 65.59 | 85.59 | NOTE | |
| r-devel-windows-x86_64 | 0.4 | 6.00 | 62.00 | 68.00 | OK | |
| r-patched-linux-x86_64 | 0.4 | 5.21 | 47.69 | 52.90 | OK | |
| r-release-linux-x86_64 | 0.4 | 4.36 | 47.57 | 51.93 | OK | |
| r-release-macos-arm64 | 0.4 | 2.00 | 22.00 | 24.00 | OK | |
| r-release-macos-x86_64 | 0.4 | 5.00 | 44.00 | 49.00 | OK | |
| r-release-windows-x86_64 | 0.4 | 6.00 | 63.00 | 69.00 | OK | |
| r-oldrel-macos-arm64 | 0.4 | 2.00 | 27.00 | 29.00 | OK | |
| r-oldrel-macos-x86_64 | 0.4 | 7.00 | 58.00 | 65.00 | OK | |
| r-oldrel-windows-x86_64 | 0.4 | 7.00 | 75.00 | 82.00 | OK | 
Version: 0.4
Check: Rd files
Result: NOTE
  checkRd: (-1) binary_diffusion.Rd:40-52: Only 7 columns allowed in this table (row 2 has 6)
  checkRd: (-1) binary_diffusion.Rd:61-66: Only 7 columns allowed in this table (row 1 has 6)
  checkRd: (-1) chapensk.Rd:57-90: Only 4 columns allowed in this table (row 2 has 3)
  checkRd: (-1) chapensk.Rd:57-90: Only 4 columns allowed in this table (row 3 has 3)
  checkRd: (-1) chapensk.Rd:57-90: Only 4 columns allowed in this table (row 4 has 3)
  checkRd: (-1) chapensk.Rd:57-90: Only 4 columns allowed in this table (row 6 has 3)
  checkRd: (-1) chapensk.Rd:57-90: Only 4 columns allowed in this table (row 7 has 3)
  checkRd: (-1) chapensk.Rd:57-90: Only 4 columns allowed in this table (row 9 has 3)
  checkRd: (-1) chapensk.Rd:57-90: Only 4 columns allowed in this table (row 10 has 3)
  checkRd: (-1) chapensk.Rd:57-90: Only 4 columns allowed in this table (row 12 has 3)
  checkRd: (-1) chapensk.Rd:57-90: Only 4 columns allowed in this table (row 14 has 3)
  checkRd: (-1) chapensk.Rd:57-90: Only 4 columns allowed in this table (row 16 has 3)
  checkRd: (-1) chapensk.Rd:57-90: Only 4 columns allowed in this table (row 17 has 3)
  checkRd: (-1) chapensk.Rd:57-90: Only 4 columns allowed in this table (row 18 has 3)
  checkRd: (-1) chapensk.Rd:57-90: Only 4 columns allowed in this table (row 19 has 3)
  checkRd: (-1) chapensk.Rd:57-90: Only 4 columns allowed in this table (row 20 has 3)
  checkRd: (-1) chapensk.Rd:57-90: Only 4 columns allowed in this table (row 22 has 3)
  checkRd: (-1) chapensk.Rd:57-90: Only 4 columns allowed in this table (row 23 has 3)
  checkRd: (-1) chapensk.Rd:57-90: Only 4 columns allowed in this table (row 24 has 3)
  checkRd: (-1) chapensk.Rd:57-90: Only 4 columns allowed in this table (row 25 has 3)
  checkRd: (-1) chapensk.Rd:57-90: Only 4 columns allowed in this table (row 26 has 3)
  checkRd: (-1) chapensk.Rd:57-90: Only 4 columns allowed in this table (row 27 has 3)
  checkRd: (-1) chapensk.Rd:57-90: Only 4 columns allowed in this table (row 28 has 3)
  checkRd: (-1) chapensk.Rd:57-90: Only 4 columns allowed in this table (row 29 has 3)
  checkRd: (-1) chapensk.Rd:57-90: Only 4 columns allowed in this table (row 30 has 3)
  checkRd: (-1) chapensk.Rd:57-90: Only 4 columns allowed in this table (row 31 has 3)
  checkRd: (-1) chapensk.Rd:57-90: Only 4 columns allowed in this table (row 32 has 3)
Flavors: r-devel-linux-x86_64-debian-clang, r-devel-linux-x86_64-debian-gcc, r-devel-linux-x86_64-fedora-clang, r-devel-linux-x86_64-fedora-gcc
These binaries (installable software) and packages are in development.
They may not be fully stable and should be used with caution. We make no claims about them.
Health stats visible at Monitor.