Last updated on 2025-05-10 23:49:53 CEST.
Flavor | Version | Tinstall | Tcheck | Ttotal | Status | Flags |
---|---|---|---|---|---|---|
r-devel-linux-x86_64-debian-clang | 0.1.0.2 | 6.15 | 64.05 | 70.20 | NOTE | |
r-devel-linux-x86_64-debian-gcc | 0.1.0.2 | 4.10 | 44.32 | 48.42 | NOTE | |
r-devel-linux-x86_64-fedora-clang | 0.1.0.2 | 102.17 | NOTE | |||
r-devel-linux-x86_64-fedora-gcc | 0.1.0.2 | 113.38 | NOTE | |||
r-devel-windows-x86_64 | 0.1.0.2 | 10.00 | 74.00 | 84.00 | NOTE | |
r-patched-linux-x86_64 | 0.1.0.2 | 5.91 | 58.90 | 64.81 | NOTE | |
r-release-linux-x86_64 | 0.1.0.2 | 5.82 | 59.31 | 65.13 | NOTE | |
r-release-macos-arm64 | 0.1.0.2 | 34.00 | NOTE | |||
r-release-macos-x86_64 | 0.1.0.2 | 57.00 | NOTE | |||
r-release-windows-x86_64 | 0.1.0.2 | 9.00 | 74.00 | 83.00 | NOTE | |
r-oldrel-macos-arm64 | 0.1.0.2 | 31.00 | OK | |||
r-oldrel-macos-x86_64 | 0.1.0.2 | 44.00 | OK | |||
r-oldrel-windows-x86_64 | 0.1.0.2 | 11.00 | 90.00 | 101.00 | OK |
Version: 0.1.0.2
Check: CRAN incoming feasibility
Result: NOTE
Maintainer: ‘Hailong Chai <chaihl17@lzu.edu.cn>’
No Authors@R field in DESCRIPTION.
Please add one, modifying
Authors@R: person(given = "Hailong",
family = "Chai",
role = c("aut", "cre"),
email = "chaihl17@lzu.edu.cn")
as necessary.
Flavors: r-devel-linux-x86_64-debian-clang, r-devel-linux-x86_64-debian-gcc
Version: 0.1.0.2
Check: DESCRIPTION meta-information
Result: NOTE
Missing dependency on R >= 4.1.0 because package code uses the pipe
|> or function shorthand \(...) syntax added in R 4.1.0.
File(s) using such syntax:
‘Ryacas-all.R’
Flavors: r-devel-linux-x86_64-debian-clang, r-devel-linux-x86_64-debian-gcc, r-devel-linux-x86_64-fedora-clang, r-devel-linux-x86_64-fedora-gcc, r-devel-windows-x86_64, r-patched-linux-x86_64, r-release-linux-x86_64, r-release-macos-arm64, r-release-macos-x86_64, r-release-windows-x86_64
Version: 0.1.0.2
Check: Rd cross-references
Result: NOTE
Found the following Rd file(s) with Rd \link{} targets missing package
anchors:
ggpng.Rd: ggsave
Please provide package anchors for all Rd \link{} targets not in the
package itself and the base packages.
Flavors: r-devel-linux-x86_64-debian-clang, r-devel-linux-x86_64-debian-gcc, r-devel-windows-x86_64, r-patched-linux-x86_64, r-release-linux-x86_64, r-release-windows-x86_64
These binaries (installable software) and packages are in development.
They may not be fully stable and should be used with caution. We make no claims about them.
Health stats visible at Monitor.