Last updated on 2025-11-14 01:51:33 CET.
| Flavor | Version | Tinstall | Tcheck | Ttotal | Status | Flags |
|---|---|---|---|---|---|---|
| r-devel-linux-x86_64-debian-clang | 0.1.0 | 114.48 | 1127.03 | 1241.51 | OK | |
| r-devel-linux-x86_64-debian-gcc | 0.1.0 | 104.61 | 721.29 | 825.90 | OK | |
| r-devel-linux-x86_64-fedora-clang | 0.1.0 | 562.00 | 731.77 | 1293.77 | ERROR | |
| r-devel-linux-x86_64-fedora-gcc | 0.1.0 | 255.00 | 1724.10 | 1979.10 | OK | |
| r-devel-windows-x86_64 | 0.1.0 | 134.00 | 861.00 | 995.00 | OK | |
| r-patched-linux-x86_64 | 0.1.0 | 145.25 | 1065.43 | 1210.68 | OK | |
| r-release-linux-x86_64 | 0.1.0 | 142.31 | 1081.98 | 1224.29 | OK | |
| r-release-macos-arm64 | 0.1.0 | 54.00 | 512.00 | 566.00 | OK | |
| r-release-macos-x86_64 | 0.1.0 | 53.00 | 1061.00 | 1114.00 | OK | |
| r-release-windows-x86_64 | 0.1.0 | 140.00 | 894.00 | 1034.00 | OK | |
| r-oldrel-macos-arm64 | 0.1.0 | 57.00 | 462.00 | 519.00 | NOTE | |
| r-oldrel-macos-x86_64 | 0.1.0 | 52.00 | 1148.00 | 1200.00 | NOTE | |
| r-oldrel-windows-x86_64 | 0.1.0 | 134.00 | 1324.00 | 1458.00 | OK |
Version: 0.1.0
Check: re-building of vignette outputs
Result: ERROR
Error(s) in re-building vignettes:
Warning: elapsed-time limit of 1 hours reached for sub-process
--- re-building ‘detect_all_events.Rmd’ using rmarkdown
Quitting from detect_all_events.Rmd:92-113 [speed-microbenchmark]
Execution halted
--- re-building ‘detect_between_maxima.Rmd’ using rmarkdown
[WARNING] Deprecated: --highlight-style. Use --syntax-highlighting instead.
--- finished re-building ‘detect_between_maxima.Rmd’
--- re-building ‘detect_hyperglycemic_events.Rmd’ using rmarkdown
[WARNING] Deprecated: --highlight-style. Use --syntax-highlighting instead.
--- finished re-building ‘detect_hyperglycemic_events.Rmd’
--- re-building ‘detect_hypoglycemic_events.Rmd’ using rmarkdown
[WARNING] Deprecated: --highlight-style. Use --syntax-highlighting instead.
--- finished re-building ‘detect_hypoglycemic_events.Rmd’
--- re-building ‘examples.Rmd’ using rmarkdown
[WARNING] Deprecated: --highlight-style. Use --syntax-highlighting instead.
--- finished re-building ‘examples.Rmd’
--- re-building ‘excursion.Rmd’ using rmarkdown
[WARNING] Deprecated: --highlight-style. Use --syntax-highlighting instead.
--- finished re-building ‘excursion.Rmd’
--- re-building ‘find_local_maxima.Rmd’ using rmarkdown
[WARNING] Deprecated: --highlight-style. Use --syntax-highlighting instead.
--- finished re-building ‘find_local_maxima.Rmd’
--- re-building ‘find_max_after_hours.Rmd’ using rmarkdown
[WARNING] Deprecated: --highlight-style. Use --syntax-highlighting instead.
--- finished re-building ‘find_max_after_hours.Rmd’
--- re-building ‘find_max_before_hours.Rmd’ using rmarkdown
[WARNING] Deprecated: --highlight-style. Use --syntax-highlighting instead.
--- finished re-building ‘find_max_before_hours.Rmd’
--- re-building ‘find_min_after_hours.Rmd’ using rmarkdown
[WARNING] Deprecated: --highlight-style. Use --syntax-highlighting instead.
--- finished re-building ‘find_min_after_hours.Rmd’
--- re-building ‘find_min_before_hours.Rmd’ using rmarkdown
[WARNING] Deprecated: --highlight-style. Use --syntax-highlighting instead.
--- finished re-building ‘find_min_before_hours.Rmd’
--- re-building ‘find_new_maxima.Rmd’ using rmarkdown
[WARNING] Deprecated: --highlight-style. Use --syntax-highlighting instead.
--- finished re-building ‘find_new_maxima.Rmd’
--- re-building ‘grid.Rmd’ using rmarkdown
[WARNING] Deprecated: --highlight-style. Use --syntax-highlighting instead.
--- finished re-building ‘grid.Rmd’
--- re-building ‘intro.Rmd’ using rmarkdown
[WARNING] Deprecated: --highlight-style. Use --syntax-highlighting instead.
--- finished re-building ‘intro.Rmd’
--- re-building ‘maxima_grid.Rmd’ using rmarkdown
[WARNING] Deprecated: --highlight-style. Use --syntax-highlighting instead.
--- finished re-building ‘maxima_grid.Rmd’
--- re-building ‘mod_grid.Rmd’ using rmarkdown
[WARNING] Deprecated: --highlight-style. Use --syntax-highlighting instead.
--- finished re-building ‘mod_grid.Rmd’
--- re-building ‘orderfast.Rmd’ using rmarkdown
[WARNING] Deprecated: --highlight-style. Use --syntax-highlighting instead.
--- finished re-building ‘orderfast.Rmd’
--- re-building ‘start_finder.Rmd’ using rmarkdown
[WARNING] Deprecated: --highlight-style. Use --syntax-highlighting instead.
--- finished re-building ‘start_finder.Rmd’
--- re-building ‘transform_df.Rmd’ using rmarkdown
[WARNING] Deprecated: --highlight-style. Use --syntax-highlighting instead.
--- finished re-building ‘transform_df.Rmd’
SUMMARY: processing the following file failed:
‘detect_all_events.Rmd’
Error: Vignette re-building failed.
Execution halted
Flavor: r-devel-linux-x86_64-fedora-clang
Version: 0.1.0
Check: installed package size
Result: NOTE
installed size is 12.1Mb
sub-directories of 1Mb or more:
doc 1.0Mb
libs 10.9Mb
Flavors: r-oldrel-macos-arm64, r-oldrel-macos-x86_64
These binaries (installable software) and packages are in development.
They may not be fully stable and should be used with caution. We make no claims about them.
Health stats visible at Monitor.