Last updated on 2025-02-23 19:51:01 CET.
Flavor | Version | Tinstall | Tcheck | Ttotal | Status | Flags |
---|---|---|---|---|---|---|
r-devel-linux-x86_64-debian-clang | 1.0 | 4.34 | 31.14 | 35.48 | NOTE | |
r-devel-linux-x86_64-debian-gcc | 1.0 | 2.83 | 22.67 | 25.50 | NOTE | |
r-devel-linux-x86_64-fedora-clang | 1.0 | 57.06 | NOTE | |||
r-devel-linux-x86_64-fedora-gcc | 1.0 | 54.94 | NOTE | |||
r-devel-macos-arm64 | 1.0 | 19.00 | NOTE | |||
r-devel-macos-x86_64 | 1.0 | 33.00 | NOTE | |||
r-devel-windows-x86_64 | 1.0 | 5.00 | 48.00 | 53.00 | NOTE | |
r-patched-linux-x86_64 | 1.0 | 4.35 | 29.68 | 34.03 | NOTE | |
r-release-linux-x86_64 | 1.0 | 4.18 | 29.62 | 33.80 | NOTE | |
r-release-macos-arm64 | 1.0 | 27.00 | NOTE | |||
r-release-macos-x86_64 | 1.0 | 30.00 | NOTE | |||
r-release-windows-x86_64 | 1.0 | 5.00 | 46.00 | 51.00 | NOTE | |
r-oldrel-macos-arm64 | 1.0 | 18.00 | OK | |||
r-oldrel-macos-x86_64 | 1.0 | 29.00 | OK | |||
r-oldrel-windows-x86_64 | 1.0 | 5.00 | 50.00 | 55.00 | OK |
Version: 1.0
Check: Rd files
Result: NOTE
checkRd: (-1) FMA.concurrent.CV.Rd:47: Lost braces
47 | \code{coefficient}{: the estimated coefficient with respect to the basis function}
| ^
checkRd: (-1) FMA.concurrent.CV.Rd:49: Lost braces
49 | \code{curve}{: the estimated coefficient curve}
| ^
checkRd: (-1) FMA.concurrent.CV.Rd:51: Lost braces
51 | \code{fitted}{: the fitted value of \code{M}}
| ^
checkRd: (-1) FMA.concurrent.CV.Rd:53: Lost braces
53 | \code{lambda}{: the chosen \eqn{\lambda} value}
| ^
checkRd: (-1) FMA.concurrent.CV.Rd:57: Lost braces
57 | \code{coefficient}{: the estimated coefficient with respect to the basis function}
| ^
checkRd: (-1) FMA.concurrent.CV.Rd:59: Lost braces
59 | \code{curve}{: the estimated coefficient curve}
| ^
checkRd: (-1) FMA.concurrent.CV.Rd:61: Lost braces
61 | \code{fitted}{: the fitted value of \code{Y}}
| ^
checkRd: (-1) FMA.concurrent.CV.Rd:63: Lost braces
63 | \code{lambda}{: the chosen \eqn{\lambda} value}
| ^
checkRd: (-1) FMA.concurrent.CV.Rd:67: Lost braces
67 | \code{coefficients}{: the coefficient with respect to the basis function}
| ^
checkRd: (-1) FMA.concurrent.CV.Rd:69: Lost braces
69 | \code{curve}{: the estimated causal curve}
| ^
checkRd: (-1) FMA.concurrent.CV.Rd:73: Lost braces
73 | \code{coefficients}{: the coefficient with respect to the basis function}
| ^
checkRd: (-1) FMA.concurrent.CV.Rd:75: Lost braces
75 | \code{curve}{: the estimated causal curve}
| ^
checkRd: (-1) FMA.concurrent.Rd:47: Lost braces
47 | \code{coefficient}{the estimated coefficient with respect to the basis function}
| ^
checkRd: (-1) FMA.concurrent.Rd:49: Lost braces
49 | \code{curve}{: the estimated coefficient curve}
| ^
checkRd: (-1) FMA.concurrent.Rd:51: Lost braces
51 | \code{fitted}{: the fitted value of \code{M}}
| ^
checkRd: (-1) FMA.concurrent.Rd:53: Lost braces
53 | \code{lambda}{: \eqn{\lambda} value}
| ^
checkRd: (-1) FMA.concurrent.Rd:57: Lost braces
57 | \code{coefficient}{: the estimated coefficient with respect to the basis function}
| ^
checkRd: (-1) FMA.concurrent.Rd:59: Lost braces
59 | \code{curve}{: the estimated coefficient curve}
| ^
checkRd: (-1) FMA.concurrent.Rd:61: Lost braces
61 | \code{fitted}{: the fitted value of \code{Y}}
| ^
checkRd: (-1) FMA.concurrent.Rd:63: Lost braces
63 | \code{lambda}{: \eqn{\lambda} value}
| ^
checkRd: (-1) FMA.concurrent.Rd:67: Lost braces
67 | \code{coefficients}{: the coefficient with respect to the basis function}
| ^
checkRd: (-1) FMA.concurrent.Rd:69: Lost braces
69 | \code{curve}{: the estimated causal curve}
| ^
checkRd: (-1) FMA.concurrent.Rd:73: Lost braces
73 | \code{coefficients}{: the coefficient with respect to the basis function}
| ^
checkRd: (-1) FMA.concurrent.Rd:75: Lost braces
75 | \code{curve}{: the estimated causal curve}
| ^
checkRd: (-1) FMA.concurrent.boot.Rd:57: Lost braces
57 | \code{coefficients}{: the result of the coefficient estimates corresponding to the basis function}
| ^
checkRd: (-1) FMA.concurrent.boot.Rd:59: Lost braces
59 | \code{curve}{: the point-wise estimate of the coefficient curve}
| ^
checkRd: (-1) FMA.concurrent.boot.Rd:63: Lost braces
63 | \code{coefficients}{: the result of the coefficient estimates corresponding to the basis function}
| ^
checkRd: (-1) FMA.concurrent.boot.Rd:65: Lost braces
65 | \code{curve}{: the point-wise estimate of the coefficient curve}
| ^
checkRd: (-1) FMA.concurrent.boot.Rd:69: Lost braces
69 | \code{coefficients}{: the result of the coefficient estimates corresponding to the basis function}
| ^
checkRd: (-1) FMA.concurrent.boot.Rd:71: Lost braces
71 | \code{curve}{: the point-wise estimate of the coefficient curve}
| ^
checkRd: (-1) FMA.concurrent.boot.Rd:75: Lost braces
75 | \code{coefficients}{: the result of the coefficient estimates corresponding to the basis function}
| ^
checkRd: (-1) FMA.concurrent.boot.Rd:77: Lost braces
77 | \code{curve}{: the point-wise estimate of the coefficient curve}
| ^
checkRd: (-1) FMA.concurrent.boot.Rd:81: Lost braces
81 | \code{coefficients}{: the result of the coefficient estimates corresponding to the basis function}
| ^
checkRd: (-1) FMA.concurrent.boot.Rd:83: Lost braces
83 | \code{curve}{: the point-wise estimate of the coefficient curve}
| ^
checkRd: (-1) FMA.historical.CV.Rd:63: Lost braces
63 | \code{coefficient}{: the estimated coefficient with respect to the basis function}
| ^
checkRd: (-1) FMA.historical.CV.Rd:65: Lost braces
65 | \code{curve}{: the estimated coefficient curve}
| ^
checkRd: (-1) FMA.historical.CV.Rd:67: Lost braces
67 | \code{fitted}{: the fitted value of \code{M}}
| ^
checkRd: (-1) FMA.historical.CV.Rd:69: Lost braces
69 | \code{lambda1}{: the chosen \eqn{\lambda} value on the \eqn{s} domain}
| ^
checkRd: (-1) FMA.historical.CV.Rd:71: Lost braces
71 | \code{lambda2}{: the chosen \eqn{\lambda} value on the \eqn{t} domain}
| ^
checkRd: (-1) FMA.historical.CV.Rd:75: Lost braces
75 | \code{coefficient}{: the estimated coefficient with respect to the basis function}
| ^
checkRd: (-1) FMA.historical.CV.Rd:77: Lost braces
77 | \code{curve}{: the estimated coefficient curve}
| ^
checkRd: (-1) FMA.historical.CV.Rd:79: Lost braces
79 | \code{fitted}{: the fitted value of \code{Y}}
| ^
checkRd: (-1) FMA.historical.CV.Rd:81: Lost braces
81 | \code{lambda1}{: the chosen \eqn{\lambda} value on the \eqn{s} domain}
| ^
checkRd: (-1) FMA.historical.CV.Rd:83: Lost braces
83 | \code{lambda2}{: the chosen \eqn{\lambda} value on the \eqn{t} domain}
| ^
checkRd: (-1) FMA.historical.CV.Rd:87: Lost braces
87 | \code{curve}{: the estimated causal curve}
| ^
checkRd: (-1) FMA.historical.CV.Rd:91: Lost braces
91 | \code{curve}{: the estimated causal curve}
| ^
checkRd: (-1) FMA.historical.Rd:66: Lost braces
66 | \code{coefficient}{: the estimated coefficient with respect to the basis function}
| ^
checkRd: (-1) FMA.historical.Rd:68: Lost braces
68 | \code{curve}{: the estimated coefficient curve}
| ^
checkRd: (-1) FMA.historical.Rd:70: Lost braces
70 | \code{fitted}{: the fitted value of \code{M}}
| ^
checkRd: (-1) FMA.historical.Rd:72: Lost braces
72 | \code{lambda1}{: the \eqn{\lambda} value on the \eqn{s} domain}
| ^
checkRd: (-1) FMA.historical.Rd:74: Lost braces
74 | \code{lambda2}{: the \eqn{\lambda} value on the \eqn{t} domain}
| ^
checkRd: (-1) FMA.historical.Rd:78: Lost braces
78 | \code{coefficient}{: the estimated coefficient with respect to the basis function}
| ^
checkRd: (-1) FMA.historical.Rd:80: Lost braces
80 | \code{curve}{: the estimated coefficient curve}
| ^
checkRd: (-1) FMA.historical.Rd:82: Lost braces
82 | \code{fitted}{: the fitted value of \code{Y}}
| ^
checkRd: (-1) FMA.historical.Rd:84: Lost braces
84 | \code{lambda1}{: the \eqn{\lambda} value on the \eqn{s} domain}
| ^
checkRd: (-1) FMA.historical.Rd:86: Lost braces
86 | \code{lambda2}{: the \eqn{\lambda} value on the \eqn{t} domain}
| ^
checkRd: (-1) FMA.historical.Rd:90: Lost braces
90 | \code{curve}{: the estimated causal curve}
| ^
checkRd: (-1) FMA.historical.Rd:94: Lost braces
94 | \code{curve}{: the estimated causal curve}
| ^
checkRd: (-1) FMA.historical.boot.Rd:76: Lost braces
76 | \code{coefficients}{: the result of the coefficient estimates corresponding to the basis function}
| ^
checkRd: (-1) FMA.historical.boot.Rd:78: Lost braces
78 | \code{curve}{: the point-wise estimate of the coefficient curve}
| ^
checkRd: (-1) FMA.historical.boot.Rd:82: Lost braces
82 | \code{coefficients}{: the result of the coefficient estimates corresponding to the basis function}
| ^
checkRd: (-1) FMA.historical.boot.Rd:84: Lost braces
84 | \code{curve}{: the point-wise estimate of the coefficient curve}
| ^
checkRd: (-1) FMA.historical.boot.Rd:88: Lost braces
88 | \code{coefficients}{: the result of the coefficient estimates corresponding to the basis function}
| ^
checkRd: (-1) FMA.historical.boot.Rd:90: Lost braces
90 | \code{curve}{: the point-wise estimate of the coefficient curve}
| ^
checkRd: (-1) FMA.historical.boot.Rd:94: Lost braces
94 | \code{curve}{: the point-wise estimate of the coefficient curve}
| ^
checkRd: (-1) FMA.historical.boot.Rd:98: Lost braces
98 | \code{curve}{: the point-wise estimate of the coefficient curve}
| ^
Flavors: r-devel-linux-x86_64-debian-clang, r-devel-linux-x86_64-debian-gcc, r-devel-linux-x86_64-fedora-clang, r-devel-linux-x86_64-fedora-gcc, r-devel-macos-arm64, r-devel-macos-x86_64, r-devel-windows-x86_64, r-patched-linux-x86_64, r-release-linux-x86_64, r-release-macos-arm64, r-release-macos-x86_64, r-release-windows-x86_64
These binaries (installable software) and packages are in development.
They may not be fully stable and should be used with caution. We make no claims about them.
Health stats visible at Monitor.