Last updated on 2025-05-17 15:50:38 CEST.
Flavor | Version | Tinstall | Tcheck | Ttotal | Status | Flags |
---|---|---|---|---|---|---|
r-devel-linux-x86_64-debian-clang | 0.2.0 | 1.86 | 25.41 | 27.27 | NOTE | |
r-devel-linux-x86_64-debian-gcc | 0.2.0 | 1.59 | 20.83 | 22.42 | NOTE | |
r-devel-linux-x86_64-fedora-clang | 0.2.0 | 41.09 | OK | |||
r-devel-linux-x86_64-fedora-gcc | 0.2.0 | 53.39 | OK | |||
r-devel-windows-x86_64 | 0.2.0 | 3.00 | 46.00 | 49.00 | OK | |
r-patched-linux-x86_64 | 0.2.0 | 1.96 | 23.77 | 25.73 | OK | |
r-release-linux-x86_64 | 0.2.0 | 1.80 | 23.46 | 25.26 | OK | |
r-release-macos-arm64 | 0.2.0 | 24.00 | OK | |||
r-release-macos-x86_64 | 0.2.0 | 57.00 | OK | |||
r-release-windows-x86_64 | 0.2.0 | 4.00 | 45.00 | 49.00 | OK | |
r-oldrel-macos-arm64 | 0.2.0 | 28.00 | OK | |||
r-oldrel-macos-x86_64 | 0.2.0 | 40.00 | OK | |||
r-oldrel-windows-x86_64 | 0.2.0 | 2.00 | 49.00 | 51.00 | OK |
Version: 0.2.0
Check: CRAN incoming feasibility
Result: NOTE
Maintainer: ‘James Balamuta <balamut2@illinois.edu>’
Found the following (possibly) invalid file URI:
URI: RColorBrewer
From: README.md
The Description field contains
(2015) "Good Colour Maps: How to Design Them" <arXiv:1509.03700> at the
Please refer to arXiv e-prints via their arXiv DOI <doi:10.48550/arXiv.YYMM.NNNNN>.
Flavors: r-devel-linux-x86_64-debian-clang, r-devel-linux-x86_64-debian-gcc
These binaries (installable software) and packages are in development.
They may not be fully stable and should be used with caution. We make no claims about them.
Health stats visible at Monitor.