Last updated on 2025-02-23 19:51:01 CET.
Flavor | Version | Tinstall | Tcheck | Ttotal | Status | Flags |
---|---|---|---|---|---|---|
r-devel-linux-x86_64-debian-clang | 1.0.0 | 8.14 | 68.74 | 76.88 | NOTE | |
r-devel-linux-x86_64-debian-gcc | 1.0.0 | 5.88 | 49.53 | 55.41 | NOTE | |
r-devel-linux-x86_64-fedora-clang | 1.0.0 | 122.62 | NOTE | |||
r-devel-linux-x86_64-fedora-gcc | 1.0.0 | 115.74 | NOTE | |||
r-devel-macos-arm64 | 1.0.0 | 38.00 | NOTE | |||
r-devel-macos-x86_64 | 1.0.0 | 62.00 | NOTE | |||
r-devel-windows-x86_64 | 1.0.0 | 9.00 | 92.00 | 101.00 | NOTE | |
r-patched-linux-x86_64 | 1.0.0 | 8.10 | 64.60 | 72.70 | NOTE | |
r-release-linux-x86_64 | 1.0.0 | 7.52 | 63.98 | 71.50 | NOTE | |
r-release-macos-arm64 | 1.0.0 | 35.00 | NOTE | |||
r-release-macos-x86_64 | 1.0.0 | 60.00 | NOTE | |||
r-release-windows-x86_64 | 1.0.0 | 9.00 | 85.00 | 94.00 | NOTE | |
r-oldrel-macos-arm64 | 1.0.0 | 37.00 | OK | |||
r-oldrel-macos-x86_64 | 1.0.0 | 59.00 | NOTE | |||
r-oldrel-windows-x86_64 | 1.0.0 | 12.00 | 103.00 | 115.00 | OK |
Version: 1.0.0
Check: Rd files
Result: NOTE
checkRd: (-1) centroid.Rd:22: Lost braces; missing escapes or markup?
22 | Centroid value C_{cen}(v) for node v defined as:
| ^
checkRd: (-1) clusterrank.Rd:23: Lost braces; missing escapes or markup?
23 | where the term f(c_{i}) accounts for the effect of i's local clustering and the term '+1' results from the contribution of \eqn{j}{j} itself. \cr
| ^
Flavors: r-devel-linux-x86_64-debian-clang, r-devel-linux-x86_64-debian-gcc, r-devel-linux-x86_64-fedora-clang, r-devel-linux-x86_64-fedora-gcc, r-devel-macos-arm64, r-devel-macos-x86_64, r-devel-windows-x86_64, r-patched-linux-x86_64, r-release-linux-x86_64, r-release-macos-arm64, r-release-macos-x86_64, r-release-windows-x86_64
Version: 1.0.0
Check: package dependencies
Result: NOTE
Package suggested but not available for checking: ‘linkcomm’
Flavor: r-oldrel-macos-x86_64
These binaries (installable software) and packages are in development.
They may not be fully stable and should be used with caution. We make no claims about them.
Health stats visible at Monitor.