CRAN Package Check Results for Package cellWise

Last updated on 2025-05-03 22:49:49 CEST.

Flavor Version Tinstall Tcheck Ttotal Status Flags
r-devel-linux-x86_64-debian-clang 2.5.3 109.51 262.54 372.05 NOTE
r-devel-linux-x86_64-debian-gcc 2.5.3 80.15 191.21 271.36 NOTE
r-devel-linux-x86_64-fedora-clang 2.5.3 610.22 OK
r-devel-linux-x86_64-fedora-gcc 2.5.3 651.83 OK
r-devel-windows-x86_64 2.5.3 126.00 284.00 410.00 OK
r-patched-linux-x86_64 2.5.3 109.69 251.39 361.08 OK
r-release-linux-x86_64 OK
r-release-macos-arm64 2.5.3 173.00 OK
r-release-macos-x86_64 2.5.3 257.00 OK
r-release-windows-x86_64 2.5.3 126.00 280.00 406.00 OK
r-oldrel-macos-arm64 2.5.3 147.00 NOTE
r-oldrel-macos-x86_64 2.5.3 217.00 NOTE
r-oldrel-windows-x86_64 2.5.3 147.00 368.00 515.00 NOTE

Check Details

Version: 2.5.3
Check: CRAN incoming feasibility
Result: NOTE Maintainer: ‘Jakob Raymaekers <jakob.raymaekers@kuleuven.be>’ The Description field contains (open access), Raymaekers and Rousseeuw (2022) <arXiv:2207.13493> (open Please refer to arXiv e-prints via their arXiv DOI <doi:10.48550/arXiv.YYMM.NNNNN>. Flavors: r-devel-linux-x86_64-debian-clang, r-devel-linux-x86_64-debian-gcc

Version: 2.5.3
Check: installed package size
Result: NOTE installed size is 15.1Mb sub-directories of 1Mb or more: data 3.2Mb doc 2.0Mb libs 9.5Mb Flavors: r-oldrel-macos-arm64, r-oldrel-macos-x86_64, r-oldrel-windows-x86_64

These binaries (installable software) and packages are in development.
They may not be fully stable and should be used with caution. We make no claims about them.
Health stats visible at Monitor.