Last updated on 2025-02-02 07:50:06 CET.
Flavor | Version | Tinstall | Tcheck | Ttotal | Status | Flags |
---|---|---|---|---|---|---|
r-devel-linux-x86_64-debian-clang | 0.3-1 | 165.96 | 49.85 | 215.81 | NOTE | |
r-devel-linux-x86_64-debian-gcc | 0.3-1 | 129.66 | 33.81 | 163.47 | NOTE | |
r-devel-linux-x86_64-fedora-clang | 0.3-1 | 391.23 | OK | |||
r-devel-linux-x86_64-fedora-gcc | 0.3-1 | 459.96 | OK | |||
r-devel-windows-x86_64 | 0.3-1 | 165.00 | 109.00 | 274.00 | NOTE | |
r-patched-linux-x86_64 | 0.3-1 | 175.13 | 47.12 | 222.25 | OK | |
r-release-linux-x86_64 | 0.3-1 | 178.55 | 46.65 | 225.20 | OK | |
r-release-macos-arm64 | 0.3-1 | 81.00 | NOTE | |||
r-release-macos-x86_64 | 0.3-1 | 90.00 | NOTE | |||
r-release-windows-x86_64 | 0.3-1 | 160.00 | 95.00 | 255.00 | OK | |
r-oldrel-macos-arm64 | 0.3-1 | 97.00 | NOTE | |||
r-oldrel-macos-x86_64 | 0.3-1 | 127.00 | NOTE | |||
r-oldrel-windows-x86_64 | 0.3-1 | 196.00 | 112.00 | 308.00 | OK |
Version: 0.3-1
Check: Rd cross-references
Result: NOTE
Found the following Rd file(s) with Rd \link{} targets missing package
anchors:
Rcpp_CONEC-class.Rd: C++Object-class
Rcpp_CPS-class.Rd: C++Object-class
Rcpp_CTRL-class.Rd: C++Object-class
Rcpp_DCP-class.Rd: C++Object-class
Rcpp_DLP-class.Rd: C++Object-class
Rcpp_DNL-class.Rd: C++Object-class
Rcpp_DQP-class.Rd: C++Object-class
Rcpp_PDV-class.Rd: C++Object-class
Please provide package anchors for all Rd \link{} targets not in the
package itself and the base packages.
Flavors: r-devel-linux-x86_64-debian-clang, r-devel-linux-x86_64-debian-gcc, r-devel-windows-x86_64
Version: 0.3-1
Check: installed package size
Result: NOTE
installed size is 18.1Mb
sub-directories of 1Mb or more:
libs 17.9Mb
Flavors: r-release-macos-arm64, r-release-macos-x86_64, r-oldrel-macos-arm64, r-oldrel-macos-x86_64
These binaries (installable software) and packages are in development.
They may not be fully stable and should be used with caution. We make no claims about them.
Health stats visible at Monitor.