Last updated on 2025-02-23 19:51:01 CET.
Flavor | Version | Tinstall | Tcheck | Ttotal | Status | Flags |
---|---|---|---|---|---|---|
r-devel-linux-x86_64-debian-clang | 1.2.5 | 10.13 | 67.52 | 77.65 | NOTE | |
r-devel-linux-x86_64-debian-gcc | 1.2.5 | 6.19 | 49.60 | 55.79 | NOTE | |
r-devel-linux-x86_64-fedora-clang | 1.2.5 | 120.17 | NOTE | |||
r-devel-linux-x86_64-fedora-gcc | 1.2.5 | 112.29 | NOTE | |||
r-devel-macos-arm64 | 1.2.5 | 40.00 | NOTE | |||
r-devel-macos-x86_64 | 1.2.5 | 68.00 | NOTE | |||
r-devel-windows-x86_64 | 1.2.5 | 10.00 | 82.00 | 92.00 | NOTE | |
r-patched-linux-x86_64 | 1.2.5 | 10.46 | 62.27 | 72.73 | NOTE | |
r-release-linux-x86_64 | 1.2.5 | 8.23 | 62.26 | 70.49 | NOTE | |
r-release-macos-arm64 | 1.2.5 | 39.00 | NOTE | |||
r-release-macos-x86_64 | 1.2.5 | 57.00 | NOTE | |||
r-release-windows-x86_64 | 1.2.5 | 10.00 | 80.00 | 90.00 | NOTE | |
r-oldrel-macos-arm64 | 1.2.5 | 36.00 | OK | |||
r-oldrel-macos-x86_64 | 1.2.5 | 52.00 | OK | |||
r-oldrel-windows-x86_64 | 1.2.5 | 13.00 | 99.00 | 112.00 | OK |
Version: 1.2.5
Check: Rd files
Result: NOTE
checkRd: (-1) eval_make_DAG.Rd:34: Lost braces in \itemize; \value handles \item{}{} directly
checkRd: (-1) eval_make_DAG.Rd:35: Lost braces in \itemize; \value handles \item{}{} directly
checkRd: (-1) eval_make_formula.Rd:24: Lost braces in \itemize; \value handles \item{}{} directly
checkRd: (-1) eval_make_formula.Rd:25: Lost braces in \itemize; \value handles \item{}{} directly
checkRd: (-1) eval_make_formula.Rd:26: Lost braces in \itemize; \value handles \item{}{} directly
checkRd: (-1) eval_make_formula.Rd:27: Lost braces in \itemize; \value handles \item{}{} directly
checkRd: (-1) eval_make_formula.Rd:28: Lost braces in \itemize; \value handles \item{}{} directly
checkRd: (-1) eval_make_formula.Rd:29: Lost braces in \itemize; \value handles \item{}{} directly
checkRd: (-1) eval_make_formula.Rd:30: Lost braces in \itemize; \value handles \item{}{} directly
checkRd: (-1) eval_make_formula.Rd:31: Lost braces in \itemize; \value handles \item{}{} directly
checkRd: (-1) eval_make_formula.Rd:32: Lost braces in \itemize; \value handles \item{}{} directly
checkRd: (-1) eval_make_formula.Rd:33: Lost braces in \itemize; \value handles \item{}{} directly
checkRd: (-1) eval_make_formula.Rd:34: Lost braces in \itemize; \value handles \item{}{} directly
checkRd: (-1) indirect_PAF_Sjolander_onesimulation.Rd:65: Lost braces; missing escapes or markup?
65 | \if{html}{\figure{CausalDAG.jpg} {options: width=100 alt="Causal Bayesian network DAG"} }
| ^
checkRd: (-1) path_specific_onesimulation.Rd:54: Lost braces; missing escapes or markup?
54 | \if{html}{\figure{CausalDAG.jpg} {options: width=100 alt="Causal Bayesian network DAG"} }
| ^
checkRd: (-1) strokedata.Rd:49: Lost braces; missing escapes or markup?
49 | individual’s behaviour SB = {Smoking, Alcohol intake, inactivity, diet and stress},
| ^
checkRd: (-1) strokedata.Rd:50: Lost braces; missing escapes or markup?
50 | their physiology SP = {High blood pressure, ApoB/ApoA ratio, Waist hip ratio}
| ^
checkRd: (-1) strokedata.Rd:52: Lost braces; missing escapes or markup?
52 | SD = {Cardiac risk factors, Preclinical diabetes}.
| ^
checkRd: (-1) strokedata.Rd:60: Lost braces; missing escapes or markup?
60 | {SC , SB , SP , SD , Y }, and summarized by the causal graphs in
| ^
checkRd: (-1) strokedata_smallSample.Rd:49: Lost braces; missing escapes or markup?
49 | individual’s behaviour SB = {Smoking, Alcohol intake, inactivity, diet and stress},
| ^
checkRd: (-1) strokedata_smallSample.Rd:50: Lost braces; missing escapes or markup?
50 | their physiology SP = {High blood pressure, ApoB/ApoA ratio, Waist hip ratio}
| ^
checkRd: (-1) strokedata_smallSample.Rd:52: Lost braces; missing escapes or markup?
52 | SD = {Cardiac risk factors, Pre clinical diabetes}.
| ^
checkRd: (-1) strokedata_smallSample.Rd:60: Lost braces; missing escapes or markup?
60 | {SC , SB , SP , SD , Y }, and summarized by the causal graphs in
| ^
Flavors: r-devel-linux-x86_64-debian-clang, r-devel-linux-x86_64-debian-gcc, r-devel-linux-x86_64-fedora-clang, r-devel-linux-x86_64-fedora-gcc, r-devel-macos-arm64, r-devel-macos-x86_64, r-devel-windows-x86_64, r-patched-linux-x86_64, r-release-linux-x86_64, r-release-macos-arm64, r-release-macos-x86_64, r-release-windows-x86_64
These binaries (installable software) and packages are in development.
They may not be fully stable and should be used with caution. We make no claims about them.
Health stats visible at Monitor.