Last updated on 2025-05-15 07:49:35 CEST.
Flavor | Version | Tinstall | Tcheck | Ttotal | Status | Flags |
---|---|---|---|---|---|---|
r-devel-linux-x86_64-debian-clang | 1.3.0 | 26.75 | 381.10 | 407.85 | OK | |
r-devel-linux-x86_64-debian-gcc | 1.3.0 | 20.14 | 266.76 | 286.90 | ERROR | |
r-devel-linux-x86_64-fedora-clang | 1.3.0 | 653.07 | OK | |||
r-devel-linux-x86_64-fedora-gcc | 1.3.0 | 657.33 | OK | |||
r-devel-windows-x86_64 | 1.3.0 | 28.00 | 309.00 | 337.00 | OK | |
r-patched-linux-x86_64 | 1.3.0 | 25.37 | 360.47 | 385.84 | OK | |
r-release-linux-x86_64 | 1.3.0 | 25.03 | 363.29 | 388.32 | OK | |
r-release-macos-arm64 | 1.3.0 | 205.00 | OK | |||
r-release-macos-x86_64 | 1.3.0 | 385.00 | OK | |||
r-release-windows-x86_64 | 1.3.0 | 27.00 | 329.00 | 356.00 | OK | |
r-oldrel-macos-arm64 | 1.3.0 | 195.00 | OK | |||
r-oldrel-macos-x86_64 | 1.3.0 | 351.00 | OK | |||
r-oldrel-windows-x86_64 | 1.3.0 | 39.00 | 450.00 | 489.00 | OK |
Version: 1.3.0
Check: tests
Result: ERROR
Running ‘testthat.R’ [27s/33s]
Running the tests in ‘tests/testthat.R’ failed.
Complete output:
> # This file is part of the standard setup for testthat.
> # It is recommended that you do not modify it.
> #
> # Where should you do additional test configuration?
> # Learn more about the roles of various files in:
> # * https://r-pkgs.org/testing-design.html#sec-tests-files-overview
> # * https://testthat.r-lib.org/articles/special-files.html
>
> library(testthat)
> library(causalBatch)
>
> test_check("causalBatch")
Adjusting for1covariate(s) or covariate level(s)
Adjusting for1covariate(s) or covariate level(s)
Adjusting for1covariate(s) or covariate level(s)
# weights: 3 (2 variable)
initial value 124.073345
final value 113.607485
converged
# weights: 3 (2 variable)
initial value 113.676138
iter 10 value 60.841697
iter 10 value 60.841697
iter 10 value 60.841697
final value 60.841697
converged
# weights: 3 (2 variable)
initial value 131.697964
final value 109.572187
converged
# weights: 3 (2 variable)
initial value 113.676138
final value 108.863320
converged
Loading required package: ks
Attaching package: 'ks'
The following object is masked from 'package:testthat':
compare
[ FAIL 1 | WARN 1 | SKIP 3 | PASS 47 ]
══ Skipped tests (3) ═══════════════════════════════════════════════════════════
• On CRAN (3): 'test-causal_cdcorr.R:31:3', 'test-causal_cdcorr.R:46:3',
'test-causal_cdcorr.R:89:3'
══ Failed tests ════════════════════════════════════════════════════════════════
── Failure ('test-causal_ccombat.R:70:3'): AIPW cComBat raises warning when few samples are retained ──
`cb.correct.aipw_cComBat(...)` did not throw the expected warning.
[ FAIL 1 | WARN 1 | SKIP 3 | PASS 47 ]
Error: Test failures
Execution halted
Flavor: r-devel-linux-x86_64-debian-gcc
These binaries (installable software) and packages are in development.
They may not be fully stable and should be used with caution. We make no claims about them.
Health stats visible at Monitor.