Last updated on 2025-05-03 22:49:49 CEST.
Flavor | Version | Tinstall | Tcheck | Ttotal | Status | Flags |
---|---|---|---|---|---|---|
r-devel-linux-x86_64-debian-clang | 0.1.0 | 12.06 | 115.10 | 127.16 | NOTE | |
r-devel-linux-x86_64-debian-gcc | 0.1.0 | 8.58 | 77.73 | 86.31 | NOTE | |
r-devel-linux-x86_64-fedora-clang | 0.1.0 | 197.40 | NOTE | |||
r-devel-linux-x86_64-fedora-gcc | 0.1.0 | 209.73 | NOTE | |||
r-devel-windows-x86_64 | 0.1.0 | 16.00 | 117.00 | 133.00 | OK | |
r-patched-linux-x86_64 | 0.1.0 | 13.08 | 108.75 | 121.83 | OK | |
r-release-linux-x86_64 | OK | |||||
r-release-macos-arm64 | 0.1.0 | 58.00 | OK | |||
r-release-macos-x86_64 | 0.1.0 | 117.00 | OK | |||
r-release-windows-x86_64 | 0.1.0 | 15.00 | 113.00 | 128.00 | OK | |
r-oldrel-macos-arm64 | 0.1.0 | 59.00 | OK | |||
r-oldrel-macos-x86_64 | 0.1.0 | 82.00 | OK | |||
r-oldrel-windows-x86_64 | 0.1.0 | 19.00 | 149.00 | 168.00 | OK |
Version: 0.1.0
Check: CRAN incoming feasibility
Result: NOTE
Maintainer: ‘Suyeon Kang <skang062@ucr.edu>’
The Description field contains
<arXiv:2109.06940>. This package allows researchers to use the
Please refer to arXiv e-prints via their arXiv DOI <doi:10.48550/arXiv.YYMM.NNNNN>.
Flavors: r-devel-linux-x86_64-debian-clang, r-devel-linux-x86_64-debian-gcc
Version: 0.1.0
Check: dependencies in R code
Result: NOTE
Namespaces in Imports field not imported from:
‘CBPS’ ‘spelling’
All declared Imports should be used.
Flavors: r-devel-linux-x86_64-fedora-clang, r-devel-linux-x86_64-fedora-gcc
These binaries (installable software) and packages are in development.
They may not be fully stable and should be used with caution. We make no claims about them.
Health stats visible at Monitor.