Last updated on 2024-05-02 11:51:15 CEST.
Flavor | Version | Tinstall | Tcheck | Ttotal | Status | Flags |
---|---|---|---|---|---|---|
r-devel-linux-x86_64-debian-clang | 1.1.1 | 27.51 | 335.98 | 363.49 | NOTE | |
r-devel-linux-x86_64-debian-gcc | 1.1.1 | 24.08 | 244.73 | 268.81 | NOTE | |
r-devel-linux-x86_64-fedora-clang | 1.1.1 | 478.68 | NOTE | |||
r-devel-linux-x86_64-fedora-gcc | 1.1.1 | 496.05 | NOTE | |||
r-devel-windows-x86_64 | 1.1.1 | 29.00 | 249.00 | 278.00 | NOTE | |
r-patched-linux-x86_64 | 1.1.1 | 35.80 | 312.67 | 348.47 | NOTE | |
r-release-linux-x86_64 | 1.1.1 | 22.02 | 320.76 | 342.78 | NOTE | |
r-release-macos-arm64 | 1.1.1 | 130.00 | NOTE | |||
r-release-macos-x86_64 | 1.1.1 | 270.00 | OK | |||
r-release-windows-x86_64 | 1.1.1 | 30.00 | 247.00 | 277.00 | NOTE | |
r-oldrel-macos-arm64 | 1.1.1 | 129.00 | OK | |||
r-oldrel-macos-x86_64 | 1.1.1 | 264.00 | OK | |||
r-oldrel-windows-x86_64 | 1.1.1 | 39.00 | 312.00 | 351.00 | OK |
Version: 1.1.1
Check: Rd files
Result: NOTE
checkRd: (-1) gen.sim.data.Rd:73: Lost braces; missing escapes or markup?
73 | Y = X_0 Beta_0^T + X_1 Beta_1^T + Z Gamma^T + E Sigma^{1/2},
| ^
Flavors: r-devel-linux-x86_64-debian-clang, r-devel-linux-x86_64-debian-gcc, r-devel-linux-x86_64-fedora-clang, r-devel-linux-x86_64-fedora-gcc, r-devel-windows-x86_64, r-patched-linux-x86_64, r-release-linux-x86_64, r-release-macos-arm64, r-release-windows-x86_64
These binaries (installable software) and packages are in development.
They may not be fully stable and should be used with caution. We make no claims about them.
Health stats visible at Monitor.