Last updated on 2025-05-17 15:50:38 CEST.
Flavor | Version | Tinstall | Tcheck | Ttotal | Status | Flags |
---|---|---|---|---|---|---|
r-devel-linux-x86_64-debian-clang | 1.0.1 | 8.66 | 55.86 | 64.52 | NOTE | |
r-devel-linux-x86_64-debian-gcc | 1.0.1 | 6.38 | 41.69 | 48.07 | NOTE | |
r-devel-linux-x86_64-fedora-clang | 1.0.1 | 99.13 | OK | |||
r-devel-linux-x86_64-fedora-gcc | 1.0.1 | 96.61 | OK | |||
r-devel-windows-x86_64 | 1.0.1 | 12.00 | 70.00 | 82.00 | OK | |
r-patched-linux-x86_64 | 1.0.1 | 8.87 | 54.66 | 63.53 | OK | |
r-release-linux-x86_64 | 1.0.1 | 7.29 | 54.05 | 61.34 | OK | |
r-release-macos-arm64 | 1.0.1 | 39.00 | OK | |||
r-release-macos-x86_64 | 1.0.1 | 66.00 | OK | |||
r-release-windows-x86_64 | 1.0.1 | 12.00 | 76.00 | 88.00 | OK | |
r-oldrel-macos-arm64 | 1.0.1 | 32.00 | OK | |||
r-oldrel-macos-x86_64 | 1.0.1 | 75.00 | OK | |||
r-oldrel-windows-x86_64 | 1.0.1 | 15.00 | 83.00 | 98.00 | OK |
Version: 1.0.1
Check: CRAN incoming feasibility
Result: NOTE
Maintainer: ‘Yuqing Pan <yuqing.pan@stat.fsu.edu>’
No Authors@R field in DESCRIPTION.
Please add one, modifying
Authors@R: c(person(given = "Yuqing",
family = "Pan",
role = c("aut", "cre"),
email = "yuqing.pan@stat.fsu.edu"),
person(given = "Qing",
family = "Mai",
role = "aut",
email = "mai@stat.fsu.edu"),
person(given = "Xin",
family = "Zhang",
role = "aut",
email = "henry@stat.fsu.edu"))
as necessary.
The Description field contains
(2018) <arXiv:1805.04421>. The low-dimensional covariates and the
Please refer to arXiv e-prints via their arXiv DOI <doi:10.48550/arXiv.YYMM.NNNNN>.
Flavors: r-devel-linux-x86_64-debian-clang, r-devel-linux-x86_64-debian-gcc
These binaries (installable software) and packages are in development.
They may not be fully stable and should be used with caution. We make no claims about them.
Health stats visible at Monitor.