Last updated on 2024-05-02 08:01:35 CEST.
Flavor | Version | Tinstall | Tcheck | Ttotal | Status | Flags |
---|---|---|---|---|---|---|
r-devel-linux-x86_64-debian-clang | 1.0.3 | 6.83 | 114.79 | 121.62 | NOTE | |
r-devel-linux-x86_64-debian-gcc | 1.0.3 | 4.74 | 80.87 | 85.61 | NOTE | |
r-devel-linux-x86_64-fedora-clang | 1.0.3 | 148.42 | NOTE | |||
r-devel-linux-x86_64-fedora-gcc | 1.0.3 | 154.89 | NOTE | |||
r-devel-windows-x86_64 | 1.0.3 | 7.00 | 127.00 | 134.00 | NOTE | |
r-patched-linux-x86_64 | 1.0.3 | 11.77 | 107.36 | 119.13 | NOTE | |
r-release-linux-x86_64 | 1.0.3 | 6.21 | 111.53 | 117.74 | NOTE | |
r-release-macos-arm64 | 1.0.3 | 53.00 | NOTE | |||
r-release-windows-x86_64 | 1.0.3 | 7.00 | 131.00 | 138.00 | NOTE | |
r-oldrel-macos-arm64 | 1.0.3 | 57.00 | OK | |||
r-oldrel-macos-x86_64 | 1.0.3 | 254.00 | OK | |||
r-oldrel-windows-x86_64 | 1.0.3 | 8.00 | 138.00 | 146.00 | OK |
Version: 1.0.3
Check: Rd files
Result: NOTE
checkRd: (-1) macrocaic.Rd:31: Lost braces; missing escapes or markup?
31 | {RRD = ln(N_1/N_2)}
| ^
checkRd: (-1) macrocaic.Rd:34: Lost braces; missing escapes or markup?
34 | {PDI = (N_1/(N_1 + N_2))-0.5}
| ^
checkRd: (-1) pd.calc.Rd:33: Lost braces
33 | \item{Length of tip branch lengths (TIPS)}{Length of tip branch lengths (TIPS)}{Unlike UEH, this measure does not use the unique paths to each tips on the \strong{subtree} and instead gives the sum of the unique branches leading to the tips on the \strong{complete tree}.}
| ^
Flavors: r-devel-linux-x86_64-debian-clang, r-devel-linux-x86_64-debian-gcc, r-devel-linux-x86_64-fedora-clang, r-devel-linux-x86_64-fedora-gcc, r-devel-windows-x86_64, r-patched-linux-x86_64, r-release-linux-x86_64, r-release-macos-arm64, r-release-windows-x86_64
These binaries (installable software) and packages are in development.
They may not be fully stable and should be used with caution. We make no claims about them.
Health stats visible at Monitor.