Last updated on 2025-10-30 15:50:07 CET.
| Flavor | Version | Tinstall | Tcheck | Ttotal | Status | Flags |
|---|---|---|---|---|---|---|
| r-devel-linux-x86_64-debian-clang | 3.0.0 | 66.65 | 499.06 | 565.71 | NOTE | |
| r-devel-linux-x86_64-debian-gcc | 3.0.0 | 43.59 | 324.20 | 367.79 | NOTE | |
| r-devel-linux-x86_64-fedora-clang | 3.0.0 | 140.00 | 757.94 | 897.94 | NOTE | |
| r-devel-linux-x86_64-fedora-gcc | 3.0.0 | 378.00 | 567.33 | 945.33 | NOTE | |
| r-devel-windows-x86_64 | 3.0.0 | 67.00 | 367.00 | 434.00 | OK | |
| r-patched-linux-x86_64 | 3.0.0 | 69.20 | 469.76 | 538.96 | OK | |
| r-release-linux-x86_64 | 3.0.0 | 62.12 | 471.87 | 533.99 | OK | |
| r-release-macos-arm64 | 3.0.0 | 28.00 | 155.00 | 183.00 | OK | |
| r-release-macos-x86_64 | 3.0.0 | 114.00 | 426.00 | 540.00 | OK | |
| r-release-windows-x86_64 | 3.0.0 | 66.00 | 363.00 | 429.00 | OK | |
| r-oldrel-macos-arm64 | 3.0.0 | 27.00 | 157.00 | 184.00 | NOTE | |
| r-oldrel-macos-x86_64 | 3.0.0 | 149.00 | 689.00 | 838.00 | NOTE | |
| r-oldrel-windows-x86_64 | 3.0.0 | 88.00 | 508.00 | 596.00 | NOTE |
Version: 3.0.0
Check: Rd files
Result: NOTE
checkRd: (-1) camtrapR-package.Rd:121-128: Only 2 columns allowed in this table (row 1 has 1)
checkRd: (-1) camtrapR-package.Rd:121-128: Only 2 columns allowed in this table (row 2 has 1)
checkRd: (-1) camtrapR-package.Rd:121-128: Only 2 columns allowed in this table (row 3 has 1)
checkRd: (-1) camtrapR-package.Rd:121-128: Only 2 columns allowed in this table (row 4 has 1)
checkRd: (-1) camtrapR-package.Rd:121-128: Only 2 columns allowed in this table (row 5 has 1)
Flavors: r-devel-linux-x86_64-debian-clang, r-devel-linux-x86_64-debian-gcc, r-devel-linux-x86_64-fedora-clang, r-devel-linux-x86_64-fedora-gcc
Version: 3.0.0
Check: installed package size
Result: NOTE
installed size is 10.7Mb
sub-directories of 1Mb or more:
R 2.1Mb
doc 4.0Mb
pictures 4.1Mb
Flavors: r-oldrel-macos-arm64, r-oldrel-macos-x86_64, r-oldrel-windows-x86_64
These binaries (installable software) and packages are in development.
They may not be fully stable and should be used with caution. We make no claims about them.
Health stats visible at Monitor.