Last updated on 2024-05-02 01:56:54 CEST.
Flavor | Version | Tinstall | Tcheck | Ttotal | Status | Flags |
---|---|---|---|---|---|---|
r-devel-linux-x86_64-debian-clang | 2.3.0 | 63.38 | 563.21 | 626.59 | OK | |
r-devel-linux-x86_64-debian-gcc | 2.3.0 | 45.29 | 398.05 | 443.34 | OK | |
r-devel-linux-x86_64-fedora-clang | 2.3.0 | 756.45 | NOTE | |||
r-devel-linux-x86_64-fedora-gcc | 2.3.0 | 720.71 | OK | |||
r-devel-windows-x86_64 | 2.3.0 | 48.00 | 309.00 | 357.00 | NOTE | |
r-patched-linux-x86_64 | 2.3.0 | 58.70 | 530.65 | 589.35 | OK | |
r-release-linux-x86_64 | 2.3.0 | 60.04 | 529.33 | 589.37 | OK | |
r-release-macos-arm64 | 2.3.0 | 147.00 | NOTE | |||
r-release-macos-x86_64 | 2.3.0 | 462.00 | NOTE | |||
r-release-windows-x86_64 | 2.3.0 | 49.00 | 308.00 | 357.00 | NOTE | |
r-oldrel-macos-arm64 | 2.3.0 | 157.00 | NOTE | |||
r-oldrel-macos-x86_64 | 2.3.0 | 348.00 | NOTE | |||
r-oldrel-windows-x86_64 | 2.3.0 | 62.00 | 428.00 | 490.00 | NOTE |
Version: 2.3.0
Check: package dependencies
Result: NOTE
Package suggested but not available for checking: ‘tesseract’
Flavor: r-devel-linux-x86_64-fedora-clang
Version: 2.3.0
Check: installed package size
Result: NOTE
installed size is 7.4Mb
sub-directories of 1Mb or more:
doc 2.2Mb
pictures 4.2Mb
Flavors: r-devel-linux-x86_64-fedora-clang, r-devel-windows-x86_64, r-release-macos-arm64, r-release-macos-x86_64, r-release-windows-x86_64, r-oldrel-macos-arm64, r-oldrel-macos-x86_64, r-oldrel-windows-x86_64
Version: 2.3.0
Check: Rd cross-references
Result: NOTE
Undeclared package ‘plotrix’ in Rd xrefs
Flavor: r-devel-linux-x86_64-fedora-clang
These binaries (installable software) and packages are in development.
They may not be fully stable and should be used with caution. We make no claims about them.
Health stats visible at Monitor.