Last updated on 2024-05-02 09:51:26 CEST.
Flavor | Version | Tinstall | Tcheck | Ttotal | Status | Flags |
---|---|---|---|---|---|---|
r-devel-linux-x86_64-debian-clang | 1.0.7 | 3.59 | 44.94 | 48.53 | WARN | |
r-devel-linux-x86_64-debian-gcc | 1.0.7 | 2.52 | 33.33 | 35.85 | WARN | |
r-devel-linux-x86_64-fedora-clang | 1.0.7 | 59.83 | WARN | |||
r-devel-linux-x86_64-fedora-gcc | 1.0.7 | 57.15 | WARN | |||
r-devel-windows-x86_64 | 1.0.7 | 4.00 | 54.00 | 58.00 | WARN | |
r-patched-linux-x86_64 | 1.0.7 | 3.40 | 41.24 | 44.64 | WARN | |
r-release-linux-x86_64 | 1.0.7 | 2.02 | 41.39 | 43.41 | WARN | |
r-release-macos-arm64 | 1.0.7 | 22.00 | OK | |||
r-release-windows-x86_64 | 1.0.7 | 4.00 | 53.00 | 57.00 | WARN | |
r-oldrel-macos-arm64 | 1.0.7 | 22.00 | OK | |||
r-oldrel-macos-x86_64 | 1.0.7 | 30.00 | OK | |||
r-oldrel-windows-x86_64 | 1.0.7 | 5.00 | 58.00 | 63.00 | WARN |
Version: 1.0.7
Check: Rd cross-references
Result: WARN
Missing link or links in Rd file 'bucky-package.Rd':
‘[Amelia]{amelia-package}’
See section 'Cross-references' in the 'Writing R Extensions' manual.
Flavors: r-devel-linux-x86_64-debian-clang, r-devel-linux-x86_64-debian-gcc, r-devel-linux-x86_64-fedora-gcc, r-devel-windows-x86_64, r-patched-linux-x86_64, r-release-linux-x86_64, r-release-windows-x86_64
Version: 1.0.7
Check: Rd cross-references
Result: WARN
Undeclared package ‘mitools’ in Rd xrefs
Missing link or links in Rd file 'bucky-package.Rd':
‘[Amelia]{amelia-package}’
See section 'Cross-references' in the 'Writing R Extensions' manual.
Flavor: r-devel-linux-x86_64-fedora-clang
Version: 1.0.7
Check: Rd cross-references
Result: WARN
Missing link or links in documentation object 'bucky-package.Rd':
'[Amelia]{amelia-package}'
See section 'Cross-references' in the 'Writing R Extensions' manual.
Flavor: r-oldrel-windows-x86_64
These binaries (installable software) and packages are in development.
They may not be fully stable and should be used with caution. We make no claims about them.
Health stats visible at Monitor.