Last updated on 2025-02-23 19:51:00 CET.
Flavor | Version | Tinstall | Tcheck | Ttotal | Status | Flags |
---|---|---|---|---|---|---|
r-devel-linux-x86_64-debian-clang | 0.1.1 | 3.71 | 35.57 | 39.28 | NOTE | |
r-devel-linux-x86_64-debian-gcc | 0.1.1 | 2.10 | 25.65 | 27.75 | NOTE | |
r-devel-linux-x86_64-fedora-clang | 0.1.1 | 62.92 | NOTE | |||
r-devel-linux-x86_64-fedora-gcc | 0.1.1 | 74.29 | NOTE | |||
r-devel-macos-arm64 | 0.1.1 | 28.00 | NOTE | |||
r-devel-macos-x86_64 | 0.1.1 | 55.00 | NOTE | |||
r-devel-windows-x86_64 | 0.1.1 | 4.00 | 69.00 | 73.00 | NOTE | |
r-patched-linux-x86_64 | 0.1.1 | 2.88 | 33.74 | 36.62 | NOTE | |
r-release-linux-x86_64 | 0.1.1 | 3.09 | 33.86 | 36.95 | NOTE | |
r-release-macos-arm64 | 0.1.1 | 32.00 | NOTE | |||
r-release-macos-x86_64 | 0.1.1 | 43.00 | NOTE | |||
r-release-windows-x86_64 | 0.1.1 | 4.00 | 54.00 | 58.00 | NOTE | |
r-oldrel-macos-arm64 | 0.1.1 | 29.00 | OK | |||
r-oldrel-macos-x86_64 | 0.1.1 | 89.00 | OK | |||
r-oldrel-windows-x86_64 | 0.1.1 | 5.00 | 60.00 | 65.00 | OK |
Version: 0.1.1
Check: Rd files
Result: NOTE
checkRd: (-1) bubbleHMLegends.Rd:42: Lost braces; missing escapes or markup?
42 | function. If {sizeBreaks} vector is supplied then this will be ignored and
| ^
checkRd: (-1) bubbleHeatmap.Rd:96: Lost braces; missing escapes or markup?
96 | function. If {sizeBreaks} vector is supplied then this will be ignored and
| ^
checkRd: (-1) multiPlotInput.Rd:117: Lost braces; missing escapes or markup?
117 | \code{unitBase}. This will be supplied to pretty function. If {sizeBreaks} is
| ^
Flavors: r-devel-linux-x86_64-debian-clang, r-devel-linux-x86_64-debian-gcc, r-devel-linux-x86_64-fedora-clang, r-devel-linux-x86_64-fedora-gcc, r-devel-macos-arm64, r-devel-macos-x86_64, r-devel-windows-x86_64, r-patched-linux-x86_64, r-release-linux-x86_64, r-release-macos-arm64, r-release-macos-x86_64, r-release-windows-x86_64
These binaries (installable software) and packages are in development.
They may not be fully stable and should be used with caution. We make no claims about them.
Health stats visible at Monitor.