CRAN Package Check Results for Package bsnsing

Last updated on 2025-05-15 07:49:34 CEST.

Flavor Version Tinstall Tcheck Ttotal Status Flags
r-devel-linux-x86_64-debian-clang 1.0.1 13.03 50.17 63.20 NOTE
r-devel-linux-x86_64-debian-gcc 1.0.1 8.68 35.71 44.39 NOTE
r-devel-linux-x86_64-fedora-clang 1.0.1 101.31 NOTE
r-devel-linux-x86_64-fedora-gcc 1.0.1 102.67 NOTE
r-devel-windows-x86_64 1.0.1 15.00 82.00 97.00 NOTE
r-patched-linux-x86_64 1.0.1 12.52 47.73 60.25 NOTE
r-release-linux-x86_64 1.0.1 12.77 47.27 60.04 NOTE
r-release-macos-arm64 1.0.1 31.00 NOTE
r-release-macos-x86_64 1.0.1 58.00 NOTE
r-release-windows-x86_64 1.0.1 15.00 83.00 98.00 NOTE
r-oldrel-macos-arm64 1.0.1 32.00 NOTE
r-oldrel-macos-x86_64 1.0.1 44.00 NOTE
r-oldrel-windows-x86_64 1.0.1 17.00 100.00 117.00 NOTE

Check Details

Version: 1.0.1
Check: CRAN incoming feasibility
Result: NOTE Maintainer: ‘Yanchao Liu <yanchaoliu@wayne.edu>’ No Authors@R field in DESCRIPTION. Please add one, modifying Authors@R: person(given = "Yanchao", family = "Liu", role = c("aut", "cre"), email = "yanchaoliu@wayne.edu") as necessary. The Description field contains Yanchao Liu (2022) <arXiv:2205.15263> for technical details. Source Please refer to arXiv e-prints via their arXiv DOI <doi:10.48550/arXiv.YYMM.NNNNN>. Flavors: r-devel-linux-x86_64-debian-clang, r-devel-linux-x86_64-debian-gcc

Version: 1.0.1
Check: Rd files
Result: NOTE checkRd: (-1) bscontrol.Rd:39: Lost braces; missing escapes or markup? 39 | \item{opt.solver}{a character string in the set {'enum', 'enum_c', 'gurobi', 'cplex', 'lpSolve', 'greedy'} indicating the optimization solver to be used in the program. The choice of 'cplex' requires the package \code{cplexAPI}, 'gurobi' requires the package \code{gurobi}, and 'lpSolve' requires the package \code{lpSolve}. These solver options are only available in the full version at \url{https://github.com/profyliu/bsnsing/}. The default (and the best) is 'enum_c'.} | ^ checkRd: (-1) bscontrol.Rd:45: Lost braces; missing escapes or markup? 45 | \item{opt.model}{a character string in the set {'gini','error'} indicating the optimization model to solve in the program. The default is 'gini'. The 'error' option is not available in the current version.} | ^ Flavors: r-devel-linux-x86_64-debian-clang, r-devel-linux-x86_64-debian-gcc, r-devel-linux-x86_64-fedora-clang, r-devel-linux-x86_64-fedora-gcc, r-devel-windows-x86_64, r-patched-linux-x86_64, r-release-linux-x86_64, r-release-macos-arm64, r-release-macos-x86_64, r-release-windows-x86_64, r-oldrel-macos-arm64, r-oldrel-macos-x86_64, r-oldrel-windows-x86_64

These binaries (installable software) and packages are in development.
They may not be fully stable and should be used with caution. We make no claims about them.
Health stats visible at Monitor.