Last updated on 2025-02-08 18:49:29 CET.
Flavor | Version | Tinstall | Tcheck | Ttotal | Status | Flags |
---|---|---|---|---|---|---|
r-devel-linux-x86_64-debian-clang | 0.2.1 | 61.36 | 299.06 | 360.42 | NOTE | |
r-devel-linux-x86_64-debian-gcc | 0.3.2 | 49.18 | 274.46 | 323.64 | OK | |
r-devel-linux-x86_64-fedora-clang | 0.3.2 | 836.59 | OK | |||
r-devel-linux-x86_64-fedora-gcc | 0.3.2 | 811.19 | OK | |||
r-devel-windows-x86_64 | 0.3.2 | 58.00 | 375.00 | 433.00 | OK | |
r-patched-linux-x86_64 | 0.3.2 | 70.70 | 396.44 | 467.14 | OK | |
r-release-linux-x86_64 | 0.2.1 | 54.44 | 275.80 | 330.24 | OK | |
r-release-macos-arm64 | 0.3.2 | 196.00 | NOTE | |||
r-release-macos-x86_64 | 0.3.2 | 458.00 | NOTE | |||
r-release-windows-x86_64 | 0.2.1 | 55.00 | 249.00 | 304.00 | OK | |
r-oldrel-macos-arm64 | 0.2.1 | 165.00 | OK | |||
r-oldrel-macos-x86_64 | 0.2.1 | 418.00 | OK | |||
r-oldrel-windows-x86_64 | 0.3.2 | 73.00 | 488.00 | 561.00 | NOTE |
Version: 0.2.1
Check: Rd cross-references
Result: NOTE
Found the following Rd file(s) with Rd \link{} targets missing package
anchors:
bsitar.Rd: opencl, save_pars, brmsfit_needs_refit
update_model.bgmfit.Rd: brms
Please provide package anchors for all Rd \link{} targets not in the
package itself and the base packages.
Flavor: r-devel-linux-x86_64-debian-clang
Version: 0.3.2
Check: installed package size
Result: NOTE
installed size is 8.4Mb
sub-directories of 1Mb or more:
R 2.1Mb
data 5.3Mb
Flavors: r-release-macos-arm64, r-release-macos-x86_64, r-oldrel-windows-x86_64
These binaries (installable software) and packages are in development.
They may not be fully stable and should be used with caution. We make no claims about them.
Health stats visible at Monitor.