Last updated on 2025-07-17 19:51:34 CEST.
Flavor | Version | Tinstall | Tcheck | Ttotal | Status | Flags |
---|---|---|---|---|---|---|
r-devel-linux-x86_64-debian-clang | 0.2.8 | 7.98 | 96.90 | 104.88 | ERROR | |
r-devel-linux-x86_64-debian-gcc | 0.2.8 | 5.56 | 67.84 | 73.40 | ERROR | |
r-devel-linux-x86_64-fedora-clang | 0.2.8 | 171.23 | ERROR | |||
r-devel-linux-x86_64-fedora-gcc | 0.2.8 | 170.11 | ERROR | |||
r-devel-windows-x86_64 | 0.2.8 | 13.00 | 145.00 | 158.00 | ERROR | |
r-patched-linux-x86_64 | 0.2.8 | 14.53 | 89.13 | 103.66 | ERROR | |
r-release-linux-x86_64 | 0.2.8 | 8.68 | 89.34 | 98.02 | OK | |
r-release-macos-arm64 | 0.2.8 | 56.00 | OK | |||
r-release-macos-x86_64 | 0.2.8 | 94.00 | OK | |||
r-release-windows-x86_64 | 0.2.8 | 13.00 | 144.00 | 157.00 | ERROR | |
r-oldrel-macos-arm64 | 0.2.8 | 59.00 | OK | |||
r-oldrel-macos-x86_64 | 0.2.8 | 88.00 | OK | |||
r-oldrel-windows-x86_64 | 0.2.8 | 16.00 | 162.00 | 178.00 | ERROR |
Version: 0.2.8
Check: tests
Result: ERROR
Running ‘testthat.R’ [14s/18s]
Running the tests in ‘tests/testthat.R’ failed.
Complete output:
> library(testthat)
> library(brickster)
> library(withr)
>
> test_check("brickster")
[ FAIL 1 | WARN 0 | SKIP 20 | PASS 517 ]
══ Skipped tests (20) ══════════════════════════════════════════════════════════
• On CRAN (20): 'test-clusters.R:122:1', 'test-connection-pane.R:27:1',
'test-dbfs.R:61:1', 'test-experiments.R:26:1', 'test-feature-store.R:25:1',
'test-jobs.R:144:1', 'test-libraries.R:51:1', 'test-misc-helpers.R:16:1',
'test-mlflow-dbrx.R:103:1', 'test-queries.R:32:1',
'test-query-history.R:17:1', 'test-secrets.R:79:1',
'test-sql-execution.R:34:1', 'test-uc-catalogs.R:19:1',
'test-uc-schemas.R:23:1', 'test-uc-tables.R:48:1', 'test-uc-volumes.R:61:1',
'test-unity-catalog.R:85:1', 'test-warehouses.R:59:1',
'test-workspace-folder.R:68:1'
══ Failed tests ════════════════════════════════════════════════════════════════
── Failure ('test-request-helpers.R:30:3'): request helpers - building requests ──
req$headers$Authorization (`actual`) not equal to paste("Bearer", token) (`expected`).
`actual` is a weak reference
`expected` is a character vector ('Bearer some_token')
[ FAIL 1 | WARN 0 | SKIP 20 | PASS 517 ]
Error: Test failures
Execution halted
Flavor: r-devel-linux-x86_64-debian-clang
Version: 0.2.8
Check: tests
Result: ERROR
Running ‘testthat.R’ [8s/11s]
Running the tests in ‘tests/testthat.R’ failed.
Complete output:
> library(testthat)
> library(brickster)
> library(withr)
>
> test_check("brickster")
[ FAIL 1 | WARN 0 | SKIP 20 | PASS 517 ]
══ Skipped tests (20) ══════════════════════════════════════════════════════════
• On CRAN (20): 'test-clusters.R:122:1', 'test-connection-pane.R:27:1',
'test-dbfs.R:61:1', 'test-experiments.R:26:1', 'test-feature-store.R:25:1',
'test-jobs.R:144:1', 'test-libraries.R:51:1', 'test-misc-helpers.R:16:1',
'test-mlflow-dbrx.R:103:1', 'test-queries.R:32:1',
'test-query-history.R:17:1', 'test-secrets.R:79:1',
'test-sql-execution.R:34:1', 'test-uc-catalogs.R:19:1',
'test-uc-schemas.R:23:1', 'test-uc-tables.R:48:1', 'test-uc-volumes.R:61:1',
'test-unity-catalog.R:85:1', 'test-warehouses.R:59:1',
'test-workspace-folder.R:68:1'
══ Failed tests ════════════════════════════════════════════════════════════════
── Failure ('test-request-helpers.R:30:3'): request helpers - building requests ──
req$headers$Authorization (`actual`) not equal to paste("Bearer", token) (`expected`).
`actual` is a weak reference
`expected` is a character vector ('Bearer some_token')
[ FAIL 1 | WARN 0 | SKIP 20 | PASS 517 ]
Error: Test failures
Execution halted
Flavor: r-devel-linux-x86_64-debian-gcc
Version: 0.2.8
Check: tests
Result: ERROR
Running ‘testthat.R’ [23s/48s]
Running the tests in ‘tests/testthat.R’ failed.
Complete output:
> library(testthat)
> library(brickster)
> library(withr)
>
> test_check("brickster")
[ FAIL 1 | WARN 0 | SKIP 20 | PASS 517 ]
══ Skipped tests (20) ══════════════════════════════════════════════════════════
• On CRAN (20): 'test-clusters.R:122:1', 'test-connection-pane.R:27:1',
'test-dbfs.R:61:1', 'test-experiments.R:26:1', 'test-feature-store.R:25:1',
'test-jobs.R:144:1', 'test-libraries.R:51:1', 'test-misc-helpers.R:16:1',
'test-mlflow-dbrx.R:103:1', 'test-queries.R:32:1',
'test-query-history.R:17:1', 'test-secrets.R:79:1',
'test-sql-execution.R:34:1', 'test-uc-catalogs.R:19:1',
'test-uc-schemas.R:23:1', 'test-uc-tables.R:48:1', 'test-uc-volumes.R:61:1',
'test-unity-catalog.R:85:1', 'test-warehouses.R:59:1',
'test-workspace-folder.R:68:1'
══ Failed tests ════════════════════════════════════════════════════════════════
── Failure ('test-request-helpers.R:30:3'): request helpers - building requests ──
req$headers$Authorization (`actual`) not equal to paste("Bearer", token) (`expected`).
`actual` is a weak reference
`expected` is a character vector ('Bearer some_token')
[ FAIL 1 | WARN 0 | SKIP 20 | PASS 517 ]
Error: Test failures
Execution halted
Flavor: r-devel-linux-x86_64-fedora-clang
Version: 0.2.8
Check: tests
Result: ERROR
Running ‘testthat.R’ [21s/22s]
Running the tests in ‘tests/testthat.R’ failed.
Complete output:
> library(testthat)
> library(brickster)
> library(withr)
>
> test_check("brickster")
[ FAIL 1 | WARN 0 | SKIP 20 | PASS 517 ]
══ Skipped tests (20) ══════════════════════════════════════════════════════════
• On CRAN (20): 'test-clusters.R:122:1', 'test-connection-pane.R:27:1',
'test-dbfs.R:61:1', 'test-experiments.R:26:1', 'test-feature-store.R:25:1',
'test-jobs.R:144:1', 'test-libraries.R:51:1', 'test-misc-helpers.R:16:1',
'test-mlflow-dbrx.R:103:1', 'test-queries.R:32:1',
'test-query-history.R:17:1', 'test-secrets.R:79:1',
'test-sql-execution.R:34:1', 'test-uc-catalogs.R:19:1',
'test-uc-schemas.R:23:1', 'test-uc-tables.R:48:1', 'test-uc-volumes.R:61:1',
'test-unity-catalog.R:85:1', 'test-warehouses.R:59:1',
'test-workspace-folder.R:68:1'
══ Failed tests ════════════════════════════════════════════════════════════════
── Failure ('test-request-helpers.R:30:3'): request helpers - building requests ──
req$headers$Authorization (`actual`) not equal to paste("Bearer", token) (`expected`).
`actual` is a weak reference
`expected` is a character vector ('Bearer some_token')
[ FAIL 1 | WARN 0 | SKIP 20 | PASS 517 ]
Error: Test failures
Execution halted
Flavor: r-devel-linux-x86_64-fedora-gcc
Version: 0.2.8
Check: tests
Result: ERROR
Running 'testthat.R' [13s]
Running the tests in 'tests/testthat.R' failed.
Complete output:
> library(testthat)
> library(brickster)
> library(withr)
>
> test_check("brickster")
[ FAIL 1 | WARN 0 | SKIP 20 | PASS 517 ]
══ Skipped tests (20) ══════════════════════════════════════════════════════════
• On CRAN (20): 'test-clusters.R:122:1', 'test-connection-pane.R:27:1',
'test-dbfs.R:61:1', 'test-experiments.R:26:1', 'test-feature-store.R:25:1',
'test-jobs.R:144:1', 'test-libraries.R:51:1', 'test-misc-helpers.R:16:1',
'test-mlflow-dbrx.R:103:1', 'test-queries.R:32:1',
'test-query-history.R:17:1', 'test-secrets.R:79:1',
'test-sql-execution.R:34:1', 'test-uc-catalogs.R:19:1',
'test-uc-schemas.R:23:1', 'test-uc-tables.R:48:1', 'test-uc-volumes.R:61:1',
'test-unity-catalog.R:85:1', 'test-warehouses.R:59:1',
'test-workspace-folder.R:68:1'
══ Failed tests ════════════════════════════════════════════════════════════════
── Failure ('test-request-helpers.R:30:3'): request helpers - building requests ──
req$headers$Authorization (`actual`) not equal to paste("Bearer", token) (`expected`).
`actual` is a weak reference
`expected` is a character vector ('Bearer some_token')
[ FAIL 1 | WARN 0 | SKIP 20 | PASS 517 ]
Error: Test failures
Execution halted
Flavor: r-devel-windows-x86_64
Version: 0.2.8
Check: tests
Result: ERROR
Running ‘testthat.R’ [13s/18s]
Running the tests in ‘tests/testthat.R’ failed.
Complete output:
> library(testthat)
> library(brickster)
> library(withr)
>
> test_check("brickster")
[ FAIL 1 | WARN 0 | SKIP 20 | PASS 517 ]
══ Skipped tests (20) ══════════════════════════════════════════════════════════
• On CRAN (20): 'test-clusters.R:122:1', 'test-connection-pane.R:27:1',
'test-dbfs.R:61:1', 'test-experiments.R:26:1', 'test-feature-store.R:25:1',
'test-jobs.R:144:1', 'test-libraries.R:51:1', 'test-misc-helpers.R:16:1',
'test-mlflow-dbrx.R:103:1', 'test-queries.R:32:1',
'test-query-history.R:17:1', 'test-secrets.R:79:1',
'test-sql-execution.R:34:1', 'test-uc-catalogs.R:19:1',
'test-uc-schemas.R:23:1', 'test-uc-tables.R:48:1', 'test-uc-volumes.R:61:1',
'test-unity-catalog.R:85:1', 'test-warehouses.R:59:1',
'test-workspace-folder.R:68:1'
══ Failed tests ════════════════════════════════════════════════════════════════
── Failure ('test-request-helpers.R:30:3'): request helpers - building requests ──
req$headers$Authorization (`actual`) not equal to paste("Bearer", token) (`expected`).
`actual` is a weak reference
`expected` is a character vector ('Bearer some_token')
[ FAIL 1 | WARN 0 | SKIP 20 | PASS 517 ]
Error: Test failures
Execution halted
Flavor: r-patched-linux-x86_64
Version: 0.2.8
Check: tests
Result: ERROR
Running 'testthat.R' [12s]
Running the tests in 'tests/testthat.R' failed.
Complete output:
> library(testthat)
> library(brickster)
> library(withr)
>
> test_check("brickster")
[ FAIL 1 | WARN 0 | SKIP 20 | PASS 517 ]
══ Skipped tests (20) ══════════════════════════════════════════════════════════
• On CRAN (20): 'test-clusters.R:122:1', 'test-connection-pane.R:27:1',
'test-dbfs.R:61:1', 'test-experiments.R:26:1', 'test-feature-store.R:25:1',
'test-jobs.R:144:1', 'test-libraries.R:51:1', 'test-misc-helpers.R:16:1',
'test-mlflow-dbrx.R:103:1', 'test-queries.R:32:1',
'test-query-history.R:17:1', 'test-secrets.R:79:1',
'test-sql-execution.R:34:1', 'test-uc-catalogs.R:19:1',
'test-uc-schemas.R:23:1', 'test-uc-tables.R:48:1', 'test-uc-volumes.R:61:1',
'test-unity-catalog.R:85:1', 'test-warehouses.R:59:1',
'test-workspace-folder.R:68:1'
══ Failed tests ════════════════════════════════════════════════════════════════
── Failure ('test-request-helpers.R:30:3'): request helpers - building requests ──
req$headers$Authorization (`actual`) not equal to paste("Bearer", token) (`expected`).
`actual` is a weak reference
`expected` is a character vector ('Bearer some_token')
[ FAIL 1 | WARN 0 | SKIP 20 | PASS 517 ]
Error: Test failures
Execution halted
Flavor: r-release-windows-x86_64
Version: 0.2.8
Check: tests
Result: ERROR
Running 'testthat.R' [17s]
Running the tests in 'tests/testthat.R' failed.
Complete output:
> library(testthat)
> library(brickster)
> library(withr)
>
> test_check("brickster")
[ FAIL 1 | WARN 0 | SKIP 20 | PASS 517 ]
══ Skipped tests (20) ══════════════════════════════════════════════════════════
• On CRAN (20): 'test-clusters.R:122:1', 'test-connection-pane.R:27:1',
'test-dbfs.R:61:1', 'test-experiments.R:26:1', 'test-feature-store.R:25:1',
'test-jobs.R:144:1', 'test-libraries.R:51:1', 'test-misc-helpers.R:16:1',
'test-mlflow-dbrx.R:103:1', 'test-queries.R:32:1',
'test-query-history.R:17:1', 'test-secrets.R:79:1',
'test-sql-execution.R:34:1', 'test-uc-catalogs.R:19:1',
'test-uc-schemas.R:23:1', 'test-uc-tables.R:48:1', 'test-uc-volumes.R:61:1',
'test-unity-catalog.R:85:1', 'test-warehouses.R:59:1',
'test-workspace-folder.R:68:1'
══ Failed tests ════════════════════════════════════════════════════════════════
── Failure ('test-request-helpers.R:30:3'): request helpers - building requests ──
req$headers$Authorization (`actual`) not equal to paste("Bearer", token) (`expected`).
`actual` is a weak reference
`expected` is a character vector ('Bearer some_token')
[ FAIL 1 | WARN 0 | SKIP 20 | PASS 517 ]
Error: Test failures
Execution halted
Flavor: r-oldrel-windows-x86_64
These binaries (installable software) and packages are in development.
They may not be fully stable and should be used with caution. We make no claims about them.
Health stats visible at Monitor.