Last updated on 2025-02-23 19:51:00 CET.
Flavor | Version | Tinstall | Tcheck | Ttotal | Status | Flags |
---|---|---|---|---|---|---|
r-devel-linux-x86_64-debian-clang | 2.1.0 | 10.78 | 103.23 | 114.01 | NOTE | |
r-devel-linux-x86_64-debian-gcc | 2.1.0 | 6.81 | 71.92 | 78.73 | NOTE | |
r-devel-linux-x86_64-fedora-clang | 2.1.0 | 182.41 | NOTE | |||
r-devel-linux-x86_64-fedora-gcc | 2.1.0 | 188.87 | NOTE | |||
r-devel-macos-arm64 | 2.1.0 | 65.00 | NOTE | |||
r-devel-macos-x86_64 | 2.1.0 | 156.00 | NOTE | |||
r-devel-windows-x86_64 | 2.1.0 | 13.00 | 115.00 | 128.00 | NOTE | |
r-patched-linux-x86_64 | 2.1.0 | 15.83 | 96.10 | 111.93 | NOTE | |
r-release-linux-x86_64 | 2.1.0 | 10.33 | 96.15 | 106.48 | NOTE | |
r-release-macos-arm64 | 2.1.0 | 54.00 | NOTE | |||
r-release-macos-x86_64 | 2.1.0 | 124.00 | NOTE | |||
r-release-windows-x86_64 | 2.1.0 | 13.00 | 111.00 | 124.00 | NOTE | |
r-oldrel-macos-arm64 | 2.1.0 | 55.00 | NOTE | |||
r-oldrel-macos-x86_64 | 2.1.0 | 96.00 | NOTE | |||
r-oldrel-windows-x86_64 | 2.1.0 | 17.00 | 136.00 | 153.00 | NOTE |
Version: 2.1.0
Check: Rd files
Result: NOTE
checkRd: (-1) bp_rats.Rd:41: Escaped LaTeX specials: \&
checkRd: (-1) bp_sv.Rd:75: Lost braces; missing escapes or markup?
75 | $$SV = sqrt(sum(x_{i+1} - x_i)^2/n-1)$$
| ^
checkRd: (-1) bp_sv.Rd:80: Lost braces; missing escapes or markup?
80 | $$SD = sqrt(sum(x_{i+1} - xbar)^2/n-1)$$
| ^
checkRd: (-1) sv.Rd:78: Lost braces; missing escapes or markup?
78 | $$SV = sqrt(sum(x_{i+1} - x_i)^2/n-1)$$
| ^
checkRd: (-1) sv.Rd:82: Lost braces; missing escapes or markup?
82 | $$SD = sqrt(sum(x_{i+1} - xbar)^2/n-1)$$
| ^
Flavors: r-devel-linux-x86_64-debian-clang, r-devel-linux-x86_64-debian-gcc, r-devel-linux-x86_64-fedora-clang, r-devel-linux-x86_64-fedora-gcc, r-devel-macos-arm64, r-devel-macos-x86_64, r-devel-windows-x86_64, r-patched-linux-x86_64, r-release-linux-x86_64, r-release-macos-arm64, r-release-macos-x86_64, r-release-windows-x86_64
Version: 2.1.0
Check: Rd cross-references
Result: NOTE
Found the following Rd file(s) with Rd \link{} targets missing package
anchors:
bp_report.Rd: grid.arrange
Please provide package anchors for all Rd \link{} targets not in the
package itself and the base packages.
Flavors: r-devel-linux-x86_64-debian-clang, r-devel-linux-x86_64-debian-gcc, r-devel-windows-x86_64
Version: 2.1.0
Check: installed package size
Result: NOTE
installed size is 5.0Mb
sub-directories of 1Mb or more:
data 4.4Mb
Flavors: r-release-macos-x86_64, r-oldrel-macos-x86_64
Version: 2.1.0
Check: Rd files
Result: NOTE
checkRd: (-1) bp_rats.Rd:41: Escaped LaTeX specials: \&
Flavors: r-oldrel-macos-arm64, r-oldrel-macos-x86_64, r-oldrel-windows-x86_64
These binaries (installable software) and packages are in development.
They may not be fully stable and should be used with caution. We make no claims about them.
Health stats visible at Monitor.