CRAN Package Check Results for Package bootruin

Last updated on 2025-05-15 11:49:56 CEST.

Flavor Version Tinstall Tcheck Ttotal Status Flags
r-devel-linux-x86_64-debian-clang 1.2-4 2.33 21.38 23.71 NOTE
r-devel-linux-x86_64-debian-gcc 1.2-4 1.99 17.07 19.06 NOTE
r-devel-linux-x86_64-fedora-clang 1.2-4 36.89 NOTE
r-devel-linux-x86_64-fedora-gcc 1.2-4 35.74 NOTE
r-devel-windows-x86_64 1.2-4 5.00 43.00 48.00 OK
r-patched-linux-x86_64 1.2-4 2.51 20.44 22.95 OK
r-release-linux-x86_64 1.2-4 2.14 20.02 22.16 OK
r-release-macos-arm64 1.2-4 18.00 OK
r-release-macos-x86_64 1.2-4 37.00 OK
r-release-windows-x86_64 1.2-4 4.00 46.00 50.00 OK
r-oldrel-macos-arm64 1.2-4 24.00 OK
r-oldrel-macos-x86_64 1.2-4 34.00 OK
r-oldrel-windows-x86_64 1.2-4 5.00 44.00 49.00 OK

Check Details

Version: 1.2-4
Check: CRAN incoming feasibility
Result: NOTE Maintainer: ‘Benjamin Baumgartner <benjamin@baumgrt.com>’ No Authors@R field in DESCRIPTION. Please add one, modifying Authors@R: c(person(given = "Benjamin", family = "Baumgartner", role = c("aut", "cre"), email = "benjamin@baumgrt.com"), person(given = "Riccardo", family = "Gatto", role = "aut", email = "gatto@stat.unibe.ch")) as necessary. Package CITATION file contains call(s) to old-style personList() or as.personList(). Please use c() on person objects instead. Package CITATION file contains call(s) to old-style citEntry(). Please use bibentry() instead. Flavors: r-devel-linux-x86_64-debian-clang, r-devel-linux-x86_64-debian-gcc

Version: 1.2-4
Check: compiled code
Result: NOTE File ‘bootruin/libs/bootruin.so’: Found no calls to: ‘R_registerRoutines’, ‘R_useDynamicSymbols’ It is good practice to register native routines and to disable symbol search. See ‘Writing portable packages’ in the ‘Writing R Extensions’ manual. Flavors: r-devel-linux-x86_64-fedora-clang, r-devel-linux-x86_64-fedora-gcc

These binaries (installable software) and packages are in development.
They may not be fully stable and should be used with caution. We make no claims about them.
Health stats visible at Monitor.