Last updated on 2025-10-31 05:48:37 CET.
| Flavor | Version | Tinstall | Tcheck | Ttotal | Status | Flags | 
|---|---|---|---|---|---|---|
| r-devel-linux-x86_64-debian-clang | 1.6.1 | 8.59 | 354.40 | 362.99 | OK | |
| r-devel-linux-x86_64-debian-gcc | 1.6.1 | 6.65 | 247.14 | 253.79 | OK | |
| r-devel-linux-x86_64-fedora-clang | 1.6.1 | 35.00 | 603.28 | 638.28 | OK | |
| r-devel-linux-x86_64-fedora-gcc | 1.6.1 | 22.00 | 637.92 | 659.92 | OK | |
| r-devel-windows-x86_64 | 1.6.1 | 12.00 | 227.00 | 239.00 | ERROR | |
| r-patched-linux-x86_64 | 1.6.1 | 10.30 | 339.46 | 349.76 | OK | |
| r-release-linux-x86_64 | 1.6.1 | 9.65 | 337.64 | 347.29 | OK | |
| r-release-macos-arm64 | 1.6.1 | 4.00 | 165.00 | 169.00 | OK | |
| r-release-macos-x86_64 | 1.6.1 | 9.00 | 384.00 | 393.00 | OK | |
| r-release-windows-x86_64 | 1.6.1 | 14.00 | 550.00 | 564.00 | OK | |
| r-oldrel-macos-arm64 | 1.6.1 | 4.00 | 174.00 | 178.00 | OK | |
| r-oldrel-macos-x86_64 | 1.6.1 | 8.00 | 389.00 | 397.00 | OK | |
| r-oldrel-windows-x86_64 | 1.6.1 | 17.00 | 586.00 | 603.00 | OK | 
Version: 1.6.1
Check: re-building of vignette outputs
Result: ERROR
  Error(s) in re-building vignettes:
  --- re-building 'bnma.Rmd' using rmarkdown
  
  Quitting from bnma.Rmd:134-138 [unnamed-chunk-12]
  ~~~~~~~~~~~~~~~~~~~~~~~~~~~~~~~~~~~~~~~~~~~~~~~~~~~~~~~~~~~~~~~~~~~~~~~~~~~~~~~~
  <error/rlang_error>
  Error:
  ! data has more variability than your prior does
  ---
  Backtrace:
       ▆
    1. └─bnma::network.run(network)
    2.   ├─base::with(...)
    3.   └─base::with.default(...)
    4.     └─base::eval(substitute(expr), data, enclos = parent.frame())
    5.       └─base::eval(substitute(expr), data, enclos = parent.frame())
    6.         └─bnma:::network.inits(network, n.chains)
    7.           └─bnma:::binomial.inits(network, n.chains)
    8.             ├─base::with(...)
    9.             └─base::with.default(...)
   10.               └─base::eval(substitute(expr), data, enclos = parent.frame())
   11.                 └─base::eval(substitute(expr), data, enclos = parent.frame())
   12.                   └─bnma:::make.inits(network, n.chains, delta, Eta, se.Eta)
   13.                     ├─base::with(...)
   14.                     └─base::with.default(...)
   15.                       └─base::eval(substitute(expr), data, enclos = parent.frame())
   16.                         └─base::eval(substitute(expr), data, enclos = parent.frame())
  ~~~~~~~~~~~~~~~~~~~~~~~~~~~~~~~~~~~~~~~~~~~~~~~~~~~~~~~~~~~~~~~~~~~~~~~~~~~~~~~~
  
  Error: processing vignette 'bnma.Rmd' failed with diagnostics:
  data has more variability than your prior does
  --- failed re-building 'bnma.Rmd'
  
  SUMMARY: processing the following file failed:
    'bnma.Rmd'
  
  Error: Vignette re-building failed.
  Execution halted
Flavor: r-devel-windows-x86_64
These binaries (installable software) and packages are in development.
They may not be fully stable and should be used with caution. We make no claims about them.
Health stats visible at Monitor.