CRAN Package Check Results for Package bndesr

Last updated on 2025-02-02 05:48:19 CET.

Flavor Version Tinstall Tcheck Ttotal Status Flags
r-devel-linux-x86_64-debian-clang 1.0.3 2.20 26.30 28.50 NOTE
r-devel-linux-x86_64-debian-gcc 1.0.3 1.56 20.01 21.57 NOTE
r-devel-linux-x86_64-fedora-clang 1.0.3 45.54 NOTE
r-devel-linux-x86_64-fedora-gcc 1.0.3 43.59 NOTE
r-devel-windows-x86_64 1.0.3 5.00 63.00 68.00 NOTE
r-patched-linux-x86_64 1.0.3 1.95 24.30 26.25 OK
r-release-linux-x86_64 1.0.3 2.17 24.16 26.33 OK
r-release-macos-arm64 1.0.3 36.00 OK
r-release-macos-x86_64 1.0.3 40.00 OK
r-release-windows-x86_64 1.0.3 3.00 60.00 63.00 OK
r-oldrel-macos-arm64 1.0.3 35.00 OK
r-oldrel-macos-x86_64 1.0.3 48.00 OK
r-oldrel-windows-x86_64 1.0.3 4.00 63.00 67.00 OK

Check Details

Version: 1.0.3
Check: DESCRIPTION meta-information
Result: NOTE Missing dependency on R >= 4.1.0 because package code uses the pipe |> or function shorthand \(...) syntax added in R 4.1.0. File(s) using such syntax: ‘query_bndespar_desimbursements.R’ ‘query_bndespar_portfolio.R’ ‘query_contracts.R’ ‘query_desimbursements.R’ Flavors: r-devel-linux-x86_64-debian-clang, r-devel-linux-x86_64-debian-gcc, r-devel-linux-x86_64-fedora-clang, r-devel-linux-x86_64-fedora-gcc, r-devel-windows-x86_64

Version: 1.0.3
Check: dependencies in R code
Result: NOTE Namespace in Imports field not imported from: ‘curl’ All declared Imports should be used. Flavors: r-devel-linux-x86_64-fedora-clang, r-devel-linux-x86_64-fedora-gcc

These binaries (installable software) and packages are in development.
They may not be fully stable and should be used with caution. We make no claims about them.
Health stats visible at Monitor.