Last updated on 2025-05-15 09:52:10 CEST.
Flavor | Version | Tinstall | Tcheck | Ttotal | Status | Flags |
---|---|---|---|---|---|---|
r-devel-linux-x86_64-debian-clang | 1.0.3 | 2.39 | 30.43 | 32.82 | NOTE | |
r-devel-linux-x86_64-debian-gcc | 1.0.3 | 2.02 | 24.18 | 26.20 | NOTE | |
r-devel-linux-x86_64-fedora-clang | 1.0.3 | 54.15 | OK | |||
r-devel-linux-x86_64-fedora-gcc | 1.0.3 | 66.26 | OK | |||
r-devel-windows-x86_64 | 1.0.3 | 4.00 | 51.00 | 55.00 | OK | |
r-patched-linux-x86_64 | 1.0.3 | 2.22 | 29.07 | 31.29 | OK | |
r-release-linux-x86_64 | 1.0.3 | 2.39 | 28.98 | 31.37 | OK | |
r-release-macos-arm64 | 1.0.3 | 27.00 | OK | |||
r-release-macos-x86_64 | 1.0.3 | 52.00 | OK | |||
r-release-windows-x86_64 | 1.0.3 | 4.00 | 53.00 | 57.00 | OK | |
r-oldrel-macos-arm64 | 1.0.3 | 33.00 | OK | |||
r-oldrel-macos-x86_64 | 1.0.3 | 41.00 | OK | |||
r-oldrel-windows-x86_64 | 1.0.3 | 3.00 | 60.00 | 63.00 | OK |
Version: 1.0.3
Check: CRAN incoming feasibility
Result: NOTE
Maintainer: ‘Michael Turchin <mturchin20@uchicago.edu>’
Package CITATION file contains call(s) to old-style citEntry(). Please
use bibentry() instead.
Found the following URLs which should use \doi (with the DOI name only):
File ‘GetModelPriorMatrix.Rd’:
https://doi.org/10.1371/journal.pone.0065245
File ‘GlobalLipids2013.GWASsnps.Rd’:
https://doi.org/10.1038/ng.2797
Flavors: r-devel-linux-x86_64-debian-clang, r-devel-linux-x86_64-debian-gcc
These binaries (installable software) and packages are in development.
They may not be fully stable and should be used with caution. We make no claims about them.
Health stats visible at Monitor.