Last updated on 2024-05-02 01:56:53 CEST.
Flavor | Version | Tinstall | Tcheck | Ttotal | Status | Flags |
---|---|---|---|---|---|---|
r-devel-linux-x86_64-debian-clang | 0.0.3 | 9.75 | 93.87 | 103.62 | NOTE | |
r-devel-linux-x86_64-debian-gcc | 0.0.3 | 6.78 | 69.51 | 76.29 | NOTE | |
r-devel-linux-x86_64-fedora-clang | 0.0.3 | 128.22 | NOTE | |||
r-devel-linux-x86_64-fedora-gcc | 0.0.3 | 135.26 | NOTE | |||
r-devel-windows-x86_64 | 0.0.3 | 8.00 | 92.00 | 100.00 | NOTE | |
r-patched-linux-x86_64 | 0.0.3 | 5.47 | 91.17 | 96.64 | NOTE | |
r-release-linux-x86_64 | 0.0.3 | 8.75 | 90.04 | 98.79 | NOTE | |
r-release-macos-arm64 | 0.0.3 | 54.00 | NOTE | |||
r-release-windows-x86_64 | 0.0.3 | 9.00 | 92.00 | 101.00 | NOTE | |
r-oldrel-macos-arm64 | 0.0.3 | 59.00 | OK | |||
r-oldrel-macos-x86_64 | 0.0.3 | 90.00 | OK | |||
r-oldrel-windows-x86_64 | 0.0.3 | 10.00 | 135.00 | 145.00 | OK |
Version: 0.0.3
Check: Rd files
Result: NOTE
checkRd: (-1) bluebike.Rd:17: Lost braces
17 | \item{\code{import_month_data}}\cr {Takes in numeric year/month values and imports data from \href{https://www.bluebikes.com/system-data}{Blue Bikes System Data} for the specified time}
| ^
checkRd: (-1) bluebike.Rd:18: Lost braces; missing escapes or markup?
18 | \item{\code{station_distance}}\cr {Returns stations with distance in ascending order given the user's current location}
| ^
checkRd: (-1) bluebike.Rd:19: Lost braces; missing escapes or markup?
19 | \item{\code{station_radius}}\cr {Plots the position of the stations within walking distance (500 m), and present the basic information about the stations via leaflet}
| ^
checkRd: (-1) bluebike.Rd:20: Lost braces; missing escapes or markup?
20 | \item{\code{trip_distance}}\cr {Computes the geographical distance between the start and end stations}
| ^
checkRd: (-1) bluebike.Rd:25: Lost braces; missing escapes or markup?
25 | \item{\code{trip_history_sample}} \cr {A sample of 1000 trip data entries from February 2022}
| ^
checkRd: (-1) bluebike.Rd:26: Lost braces; missing escapes or markup?
26 | \item{\code{station_data}} \cr {A dataset that includes identification, position, and other basic information about bluebike stations}
| ^
Flavors: r-devel-linux-x86_64-debian-clang, r-devel-linux-x86_64-debian-gcc, r-devel-linux-x86_64-fedora-clang, r-devel-linux-x86_64-fedora-gcc, r-devel-windows-x86_64, r-patched-linux-x86_64, r-release-linux-x86_64, r-release-macos-arm64, r-release-windows-x86_64
Version: 0.0.3
Check: data for non-ASCII characters
Result: NOTE
Note: found 7 marked UTF-8 strings
Flavors: r-devel-linux-x86_64-fedora-clang, r-devel-linux-x86_64-fedora-gcc
These binaries (installable software) and packages are in development.
They may not be fully stable and should be used with caution. We make no claims about them.
Health stats visible at Monitor.