Last updated on 2025-02-23 19:51:00 CET.
Flavor | Version | Tinstall | Tcheck | Ttotal | Status | Flags |
---|---|---|---|---|---|---|
r-devel-linux-x86_64-debian-clang | 4.0.1 | 5.59 | 47.76 | 53.35 | OK | |
r-devel-linux-x86_64-debian-gcc | 4.0.1 | 4.15 | 36.07 | 40.22 | ERROR | |
r-devel-linux-x86_64-fedora-clang | 4.0.1 | 85.17 | OK | |||
r-devel-linux-x86_64-fedora-gcc | 4.0.1 | 96.78 | OK | |||
r-devel-macos-arm64 | 4.0.1 | 44.00 | OK | |||
r-devel-macos-x86_64 | 4.0.1 | 76.00 | OK | |||
r-devel-windows-x86_64 | 4.0.1 | 10.00 | 76.00 | 86.00 | OK | |
r-patched-linux-x86_64 | 4.0.1 | 6.01 | 44.96 | 50.97 | OK | |
r-release-linux-x86_64 | 4.0.1 | 6.10 | 45.23 | 51.33 | OK | |
r-release-macos-arm64 | 4.0.1 | 45.00 | OK | |||
r-release-macos-x86_64 | 4.0.1 | 64.00 | OK | |||
r-release-windows-x86_64 | 4.0.1 | 11.00 | 76.00 | 87.00 | OK | |
r-oldrel-macos-arm64 | 4.0.1 | 47.00 | OK | |||
r-oldrel-macos-x86_64 | 4.0.1 | 78.00 | OK | |||
r-oldrel-windows-x86_64 | 4.0.1 | 12.00 | 86.00 | 98.00 | OK |
Version: 4.0.1
Check: examples
Result: ERROR
Running examples in ‘blscrapeR-Ex.R’ failed
The error most likely occurred in:
> base::assign(".ptime", proc.time(), pos = "CheckExEnv")
> ### Name: bls_api
> ### Title: Basic Request Mechanism for BLS Tables
> ### Aliases: bls_api
> ### Keywords: api bls cpi economics inflation unemployment
>
> ### ** Examples
>
>
>
> ## API Version 1.0 R Script Sample Code
> ## Single Series request
> df <- bls_api("LAUCN040010000000005")
Error: Please install xml2 package
Execution halted
Flavor: r-devel-linux-x86_64-debian-gcc
These binaries (installable software) and packages are in development.
They may not be fully stable and should be used with caution. We make no claims about them.
Health stats visible at Monitor.