Last updated on 2025-05-15 07:49:34 CEST.
Flavor | Version | Tinstall | Tcheck | Ttotal | Status | Flags |
---|---|---|---|---|---|---|
r-devel-linux-x86_64-debian-clang | 1.0 | 1.69 | 20.76 | 22.45 | NOTE | |
r-devel-linux-x86_64-debian-gcc | 1.0 | 1.53 | 16.97 | 18.50 | NOTE | |
r-devel-linux-x86_64-fedora-clang | 1.0 | 35.54 | OK | |||
r-devel-linux-x86_64-fedora-gcc | 1.0 | 34.15 | OK | |||
r-devel-windows-x86_64 | 1.0 | 3.00 | 44.00 | 47.00 | OK | |
r-patched-linux-x86_64 | 1.0 | 2.25 | 19.81 | 22.06 | OK | |
r-release-linux-x86_64 | 1.0 | 1.97 | 19.84 | 21.81 | OK | |
r-release-macos-arm64 | 1.0 | 17.00 | OK | |||
r-release-macos-x86_64 | 1.0 | 26.00 | OK | |||
r-release-windows-x86_64 | 1.0 | 3.00 | 50.00 | 53.00 | OK | |
r-oldrel-macos-arm64 | 1.0 | 21.00 | OK | |||
r-oldrel-macos-x86_64 | 1.0 | 25.00 | OK | |||
r-oldrel-windows-x86_64 | 1.0 | 3.00 | 44.00 | 47.00 | OK |
Version: 1.0
Check: CRAN incoming feasibility
Result: NOTE
Maintainer: ‘Emanuele Cordano <emanuele.cordano@gmail.com>’
No Authors@R field in DESCRIPTION.
Please add one, modifying
Authors@R: person(given = "Emanuele",
family = "Cordano",
role = c("aut", "cre"),
email = "emanuele.cordano@gmail.com")
as necessary.
The Description field contains
(http://en.wikipedia.org/wiki/Block_matrix). The block matrix is here
Please enclose URLs in angle brackets (<...>).
Flavors: r-devel-linux-x86_64-debian-clang, r-devel-linux-x86_64-debian-gcc
These binaries (installable software) and packages are in development.
They may not be fully stable and should be used with caution. We make no claims about them.
Health stats visible at Monitor.