CRAN Package Check Results for Package blm

Last updated on 2025-05-15 09:52:10 CEST.

Flavor Version Tinstall Tcheck Ttotal Status Flags
r-devel-linux-x86_64-debian-clang 2022.0.0.1 4.62 33.25 37.87 NOTE
r-devel-linux-x86_64-debian-gcc 2022.0.0.1 3.85 24.98 28.83 NOTE
r-devel-linux-x86_64-fedora-clang 2022.0.0.1 58.62 OK
r-devel-linux-x86_64-fedora-gcc 2022.0.0.1 56.43 OK
r-devel-windows-x86_64 2022.0.0.1 7.00 62.00 69.00 OK
r-patched-linux-x86_64 2022.0.0.1 5.27 31.24 36.51 OK
r-release-linux-x86_64 2022.0.0.1 4.30 31.07 35.37 OK
r-release-macos-arm64 2022.0.0.1 23.00 OK
r-release-macos-x86_64 2022.0.0.1 36.00 OK
r-release-windows-x86_64 2022.0.0.1 5.00 60.00 65.00 OK
r-oldrel-macos-arm64 2022.0.0.1 25.00 OK
r-oldrel-macos-x86_64 2022.0.0.1 35.00 OK
r-oldrel-windows-x86_64 2022.0.0.1 6.00 55.00 61.00 OK

Check Details

Version: 2022.0.0.1
Check: CRAN incoming feasibility
Result: NOTE Maintainer: ‘S.Kovalchik <s.a.kovalchik@gmail.com>’ No Authors@R field in DESCRIPTION. Please add one, modifying Authors@R: c(person(given = "S.", family = "Kovalchik", role = "aut"), person(family = "S.Kovalchik", role = "cre", email = "s.a.kovalchik@gmail.com")) as necessary. Package CITATION file contains call(s) to old-style personList() or as.personList(). Please use c() on person objects instead. Package CITATION file contains call(s) to old-style citEntry(). Please use bibentry() instead. Flavors: r-devel-linux-x86_64-debian-clang, r-devel-linux-x86_64-debian-gcc

These binaries (installable software) and packages are in development.
They may not be fully stable and should be used with caution. We make no claims about them.
Health stats visible at Monitor.