Last updated on 2025-05-03 22:49:48 CEST.
Flavor | Version | Tinstall | Tcheck | Ttotal | Status | Flags |
---|---|---|---|---|---|---|
r-devel-linux-x86_64-debian-clang | 0.1.2 | 6.42 | 59.90 | 66.32 | NOTE | |
r-devel-linux-x86_64-debian-gcc | 0.1.2 | 5.46 | 47.50 | 52.96 | NOTE | |
r-devel-linux-x86_64-fedora-clang | 0.1.2 | 106.28 | OK | |||
r-devel-linux-x86_64-fedora-gcc | 0.1.2 | 99.13 | OK | |||
r-devel-windows-x86_64 | 0.1.2 | 8.00 | 87.00 | 95.00 | OK | |
r-patched-linux-x86_64 | 0.1.2 | 6.37 | 59.61 | 65.98 | OK | |
r-release-linux-x86_64 | OK | |||||
r-release-macos-arm64 | 0.1.2 | 39.00 | OK | |||
r-release-macos-x86_64 | 0.1.2 | 74.00 | OK | |||
r-release-windows-x86_64 | 0.1.2 | 7.00 | 80.00 | 87.00 | OK | |
r-oldrel-macos-arm64 | 0.1.2 | 36.00 | OK | |||
r-oldrel-macos-x86_64 | 0.1.2 | 78.00 | OK | |||
r-oldrel-windows-x86_64 | 0.1.2 | 9.00 | 94.00 | 103.00 | OK |
Version: 0.1.2
Check: CRAN incoming feasibility
Result: NOTE
Maintainer: ‘David J. Harris <DavHarris@UCDavis.edu>’
No Authors@R field in DESCRIPTION.
Please add one, modifying
Authors@R: person(given = c("David", "J."),
family = "Harris",
role = c("aut", "cre"),
email = "DavHarris@UCDavis.edu")
as necessary.
The Date field is not in ISO 8601 yyyy-mm-dd format.
Flavors: r-devel-linux-x86_64-debian-clang, r-devel-linux-x86_64-debian-gcc
These binaries (installable software) and packages are in development.
They may not be fully stable and should be used with caution. We make no claims about them.
Health stats visible at Monitor.