Last updated on 2025-05-17 19:51:46 CEST.
Flavor | Version | Tinstall | Tcheck | Ttotal | Status | Flags |
---|---|---|---|---|---|---|
r-devel-linux-x86_64-debian-clang | 0.1.0 | 5.93 | 48.67 | 54.60 | WARN | |
r-devel-linux-x86_64-debian-gcc | 0.1.0 | 4.28 | 36.15 | 40.43 | WARN | |
r-devel-linux-x86_64-fedora-clang | 0.1.0 | 86.53 | OK | |||
r-devel-linux-x86_64-fedora-gcc | 0.1.0 | 83.79 | OK | |||
r-devel-windows-x86_64 | 0.1.0 | 10.00 | 63.00 | 73.00 | OK | |
r-patched-linux-x86_64 | 0.1.0 | 5.54 | 45.19 | 50.73 | OK | |
r-release-linux-x86_64 | 0.1.0 | 5.29 | 46.16 | 51.45 | OK | |
r-release-macos-arm64 | 0.1.0 | 27.00 | OK | |||
r-release-macos-x86_64 | 0.1.0 | 46.00 | OK | |||
r-release-windows-x86_64 | 0.1.0 | 8.00 | 63.00 | 71.00 | OK | |
r-oldrel-macos-arm64 | 0.1.0 | 28.00 | OK | |||
r-oldrel-macos-x86_64 | 0.1.0 | 64.00 | OK | |||
r-oldrel-windows-x86_64 | 0.1.0 | 13.00 | 73.00 | 86.00 | OK |
Version: 0.1.0
Check: CRAN incoming feasibility
Result: NOTE
Maintainer: ‘Winston Chang <winston@stdout.org>’
No Authors@R field in DESCRIPTION.
Please add one, modifying
Authors@R: person(given = "Winston",
family = "Chang",
role = c("aut", "cre"),
email = "winston@stdout.org")
as necessary.
The Description field contains
https://github.com/wch/bisectr for examples and test script templates.
Please enclose URLs in angle brackets (<...>).
Flavors: r-devel-linux-x86_64-debian-clang, r-devel-linux-x86_64-debian-gcc
Version: 0.1.0
Check: for code which exercises the package
Result: WARN
No examples, no tests, no vignettes
Flavors: r-devel-linux-x86_64-debian-clang, r-devel-linux-x86_64-debian-gcc
These binaries (installable software) and packages are in development.
They may not be fully stable and should be used with caution. We make no claims about them.
Health stats visible at Monitor.