Last updated on 2025-02-23 15:49:37 CET.
Flavor | Version | Tinstall | Tcheck | Ttotal | Status | Flags |
---|---|---|---|---|---|---|
r-devel-linux-x86_64-debian-clang | 1.2.3 | 5.92 | 83.62 | 89.54 | NOTE | |
r-devel-linux-x86_64-debian-gcc | 1.2.3 | 4.25 | 60.45 | 64.70 | NOTE | |
r-devel-linux-x86_64-fedora-clang | 1.2.3 | 141.43 | OK | |||
r-devel-linux-x86_64-fedora-gcc | 1.2.3 | 147.83 | OK | |||
r-devel-macos-arm64 | 1.2.3 | 50.00 | OK | |||
r-devel-macos-x86_64 | 1.2.3 | 96.00 | OK | |||
r-devel-windows-x86_64 | 1.2.3 | 10.00 | 95.00 | 105.00 | NOTE | |
r-patched-linux-x86_64 | 1.2.3 | 10.29 | 78.38 | 88.67 | OK | |
r-release-linux-x86_64 | 1.2.3 | 5.90 | 78.40 | 84.30 | OK | |
r-release-macos-arm64 | 1.2.3 | 47.00 | OK | |||
r-release-macos-x86_64 | 1.2.3 | 73.00 | OK | |||
r-release-windows-x86_64 | 1.2.3 | 9.00 | 94.00 | 103.00 | OK | |
r-oldrel-macos-arm64 | 1.2.3 | 51.00 | OK | |||
r-oldrel-macos-x86_64 | 1.2.3 | 75.00 | OK | |||
r-oldrel-windows-x86_64 | 1.2.3 | 11.00 | 113.00 | 124.00 | OK |
Version: 1.2.3
Check: Rd cross-references
Result: NOTE
Found the following Rd file(s) with Rd \link{} targets missing package
anchors:
fit_dynamic_inactivation.Rd: modFit, FME
fit_inactivation_MCMC.Rd: modMCMC, FME
get_prediction_cost.Rd: modCost
predict_inactivation.Rd: ode, deSolve
sample_IsoFit.Rd: mvrnorm
sample_dynaFit.Rd: modFit, mvrnorm
Please provide package anchors for all Rd \link{} targets not in the
package itself and the base packages.
Flavors: r-devel-linux-x86_64-debian-clang, r-devel-linux-x86_64-debian-gcc, r-devel-windows-x86_64
These binaries (installable software) and packages are in development.
They may not be fully stable and should be used with caution. We make no claims about them.
Health stats visible at Monitor.