Last updated on 2025-05-07 20:49:39 CEST.
Flavor | Version | Tinstall | Tcheck | Ttotal | Status | Flags |
---|---|---|---|---|---|---|
r-devel-linux-x86_64-debian-clang | 0.2 | 30.56 | 30.33 | 60.89 | NOTE | |
r-devel-linux-x86_64-debian-gcc | 0.2 | 22.41 | 23.98 | 46.39 | NOTE | |
r-devel-linux-x86_64-fedora-clang | 0.2 | 114.45 | OK | |||
r-devel-linux-x86_64-fedora-gcc | 0.2 | 112.48 | OK | |||
r-devel-windows-x86_64 | 0.2 | 38.00 | 69.00 | 107.00 | OK | |
r-patched-linux-x86_64 | 0.2 | 30.60 | 29.31 | 59.91 | OK | |
r-release-linux-x86_64 | 0.2 | 33.64 | 29.41 | 63.05 | OK | |
r-release-macos-arm64 | 0.2 | 35.00 | OK | |||
r-release-macos-x86_64 | 0.2 | 51.00 | OK | |||
r-release-windows-x86_64 | 0.2 | 38.00 | 74.00 | 112.00 | OK | |
r-oldrel-macos-arm64 | 0.2 | 31.00 | NOTE | |||
r-oldrel-macos-x86_64 | 0.2 | 52.00 | NOTE | |||
r-oldrel-windows-x86_64 | 0.2 | 43.00 | 82.00 | 125.00 | NOTE |
Version: 0.2
Check: CRAN incoming feasibility
Result: NOTE
Maintainer: ‘Chih-Li Sung <iamdfchile@gmail.com>’
No Authors@R field in DESCRIPTION.
Please add one, modifying
Authors@R: person(given = "Chih-Li",
family = "Sung",
role = c("aut", "cre"),
email = "iamdfchile@gmail.com")
as necessary.
The Description field contains
can be seen in Sung et al (2017) <arXiv:1705.02511>.
Please refer to arXiv e-prints via their arXiv DOI <doi:10.48550/arXiv.YYMM.NNNNN>.
Flavors: r-devel-linux-x86_64-debian-clang, r-devel-linux-x86_64-debian-gcc
Version: 0.2
Check: LazyData
Result: NOTE
'LazyData' is specified without a 'data' directory
Flavors: r-oldrel-macos-arm64, r-oldrel-macos-x86_64, r-oldrel-windows-x86_64
These binaries (installable software) and packages are in development.
They may not be fully stable and should be used with caution. We make no claims about them.
Health stats visible at Monitor.