CRAN Package Check Results for Package biClassify

Last updated on 2025-10-09 15:49:56 CEST.

Flavor Version Tinstall Tcheck Ttotal Status Flags
r-devel-linux-x86_64-debian-clang 1.3 22.23 64.56 86.79 WARN
r-devel-linux-x86_64-debian-gcc 1.3 14.91 50.67 65.58 WARN
r-devel-linux-x86_64-fedora-clang 1.3 151.70 NOTE
r-devel-linux-x86_64-fedora-gcc 1.3 158.22 NOTE
r-devel-windows-x86_64 1.3 31.00 120.00 151.00 NOTE
r-patched-linux-x86_64 1.3 23.29 63.55 86.84 NOTE
r-release-linux-x86_64 1.3 23.33 62.83 86.16 NOTE
r-release-macos-arm64 1.3 59.00 NOTE
r-release-macos-x86_64 1.3 105.00 NOTE
r-release-windows-x86_64 1.3 31.00 119.00 150.00 NOTE
r-oldrel-macos-arm64 1.3 53.00 NOTE
r-oldrel-macos-x86_64 1.3 89.00 NOTE
r-oldrel-windows-x86_64 1.3 36.00 140.00 176.00 NOTE

Check Details

Version: 1.3
Check: CRAN incoming feasibility
Result: NOTE Maintainer: ‘Alexander F. Lapanowski <aflapan@gmail.com>’ The Description field contains <arXiv:2005.03858>. Also includes methods for non-linear discriminant Please refer to arXiv e-prints via their arXiv DOI <doi:10.48550/arXiv.YYMM.NNNNN>. Flavors: r-devel-linux-x86_64-debian-clang, r-devel-linux-x86_64-debian-gcc

Version: 1.3
Check: whether package can be installed
Result: WARN Found the following significant warnings: /home/hornik/tmp/R.check/r-devel-clang/Work/build/Packages/RcppArmadillo/include/RcppArmadillo/version/arma.h:66:17: warning: Using fallback compilation with Armadillo 14.6.3. Please consider defining -DARMA_USE_CURRENT and also removing C++11 compilation directive. See GitHub issue #475 for more. [-W#pragma-messages] See ‘/home/hornik/tmp/R.check/r-devel-clang/Work/PKGS/biClassify.Rcheck/00install.out’ for details. * used C++ compiler: ‘Debian clang version 19.1.7 (7)’ Flavor: r-devel-linux-x86_64-debian-clang

Version: 1.3
Check: C++ specification
Result: NOTE Specified C++11: please drop specification unless essential Flavors: r-devel-linux-x86_64-debian-clang, r-devel-linux-x86_64-debian-gcc, r-devel-linux-x86_64-fedora-clang, r-devel-linux-x86_64-fedora-gcc, r-devel-windows-x86_64, r-patched-linux-x86_64, r-release-linux-x86_64, r-release-macos-arm64, r-release-macos-x86_64, r-release-windows-x86_64, r-oldrel-macos-arm64, r-oldrel-macos-x86_64, r-oldrel-windows-x86_64

Version: 1.3
Check: Rd files
Result: NOTE checkRd: (-1) KOS_Data.Rd:9: Lost braces; missing escapes or markup? 9 | \item{TrainData}{ (179 x 4) Matrix of training data features. the first two features satisfy sqrt(x_{i1}^2 + x_{i2}^2) > 2/3 if the ith sample is in class 1. | ^ checkRd: (-1) KOS_Data.Rd:9: Lost braces; missing escapes or markup? 9 | \item{TrainData}{ (179 x 4) Matrix of training data features. the first two features satisfy sqrt(x_{i1}^2 + x_{i2}^2) > 2/3 if the ith sample is in class 1. | ^ checkRd: (-1) KOS_Data.Rd:10: Lost braces; missing escapes or markup? 10 | Otherwise, they satisfy sqrt(x_{i1}^2 + x_{i2}^2) < 2/3 - 1/10 if the ith sample is in class 2. | ^ checkRd: (-1) KOS_Data.Rd:10: Lost braces; missing escapes or markup? 10 | Otherwise, they satisfy sqrt(x_{i1}^2 + x_{i2}^2) < 2/3 - 1/10 if the ith sample is in class 2. | ^ checkRd: (-1) KOS_Data.Rd:12: Lost braces; missing escapes or markup? 12 | \item{TestData}{ (94 x 4) Matrix of test data features. the first two features satisfy sqrt(x_{i1}^2 + x_{i2}^2) > 2/3 if the ith sample is in class 1. | ^ checkRd: (-1) KOS_Data.Rd:12: Lost braces; missing escapes or markup? 12 | \item{TestData}{ (94 x 4) Matrix of test data features. the first two features satisfy sqrt(x_{i1}^2 + x_{i2}^2) > 2/3 if the ith sample is in class 1. | ^ checkRd: (-1) KOS_Data.Rd:13: Lost braces; missing escapes or markup? 13 | Otherwise, they satisfy sqrt(x_{i1}^2 + x_{i2}^2) < 2/3 - 1/10 if the ith sample is in class 2. | ^ checkRd: (-1) KOS_Data.Rd:13: Lost braces; missing escapes or markup? 13 | Otherwise, they satisfy sqrt(x_{i1}^2 + x_{i2}^2) < 2/3 - 1/10 if the ith sample is in class 2. | ^ checkRd: (-1) SelectParams.Rd:32: Lost braces; missing escapes or markup? 32 | The Gaussian kernel parameter is generated using five-fold cross-validation of the misclassification error rate aross the {.05, .1, .2, .3, .5} quantiles of squared-distances between groups. | ^ Flavors: r-devel-linux-x86_64-debian-clang, r-devel-linux-x86_64-debian-gcc, r-devel-linux-x86_64-fedora-clang, r-devel-linux-x86_64-fedora-gcc, r-devel-windows-x86_64, r-patched-linux-x86_64, r-release-linux-x86_64, r-release-macos-arm64, r-release-macos-x86_64, r-release-windows-x86_64, r-oldrel-macos-arm64, r-oldrel-macos-x86_64, r-oldrel-windows-x86_64

Version: 1.3
Check: whether package can be installed
Result: WARN Found the following significant warnings: /home/hornik/tmp/R.check/r-devel-gcc/Work/build/Packages/RcppArmadillo/include/RcppArmadillo/version/arma.h:66:199: note: ‘#pragma message: Using fallback compilation with Armadillo 14.6.3. Please consider defining -DARMA_USE_CURRENT and also removing C++11 compilation directive. See GitHub issue #475 for more.’ See ‘/home/hornik/tmp/R.check/r-devel-gcc/Work/PKGS/biClassify.Rcheck/00install.out’ for details. * used C++ compiler: ‘g++-15 (Debian 15.2.0-4) 15.2.0’ Flavor: r-devel-linux-x86_64-debian-gcc

Version: 1.3
Check: dependencies in R code
Result: NOTE Namespaces in Imports field not imported from: ‘DAAG’ ‘datasets’ ‘expm’ ‘mvtnorm’ All declared Imports should be used. Flavors: r-devel-linux-x86_64-fedora-clang, r-devel-linux-x86_64-fedora-gcc

These binaries (installable software) and packages are in development.
They may not be fully stable and should be used with caution. We make no claims about them.
Health stats visible at Monitor.