Last updated on 2025-05-03 22:49:48 CEST.
Flavor | Version | Tinstall | Tcheck | Ttotal | Status | Flags |
---|---|---|---|---|---|---|
r-devel-linux-x86_64-debian-clang | 1.1-2 | 6.63 | 60.03 | 66.66 | NOTE | |
r-devel-linux-x86_64-debian-gcc | 1.1-2 | 5.29 | 45.51 | 50.80 | NOTE | |
r-devel-linux-x86_64-fedora-clang | 1.1-2 | 105.22 | OK | |||
r-devel-linux-x86_64-fedora-gcc | 1.1-2 | 100.61 | OK | |||
r-devel-windows-x86_64 | 1.1-2 | 8.00 | 104.00 | 112.00 | OK | |
r-patched-linux-x86_64 | 1.1-2 | 7.70 | 58.51 | 66.21 | OK | |
r-release-linux-x86_64 | OK | |||||
r-release-macos-arm64 | 1.1-2 | 42.00 | OK | |||
r-release-macos-x86_64 | 1.1-2 | 91.00 | OK | |||
r-release-windows-x86_64 | 1.1-2 | 8.00 | 92.00 | 100.00 | OK | |
r-oldrel-macos-arm64 | 1.1-2 | 40.00 | OK | |||
r-oldrel-macos-x86_64 | 1.1-2 | 74.00 | OK | |||
r-oldrel-windows-x86_64 | 1.1-2 | 11.00 | 105.00 | 116.00 | OK |
Version: 1.1-2
Check: CRAN incoming feasibility
Result: NOTE
Maintainer: ‘Luis Cayuela <luis.cayuela@urjc.es>’
No Authors@R field in DESCRIPTION.
Please add one, modifying
Authors@R: c(person(given = "Luis",
family = "Cayuela",
role = c("aut", "cre"),
email = "luis.cayuela@urjc.es"),
person(given = "Marcelino",
family = "de la Cruz",
role = "aut"))
as necessary.
Found the following URLs which should use \doi (with the DOI name only):
File ‘adonis_pertables.Rd’:
http://dx.doi.org/10.1111/j.1600-0587.2009.05899.x
File ‘cca_pertables.Rd’:
http://dx.doi.org/10.1111/j.1600-0587.2009.05899.x
File ‘mantel_pertables.Rd’:
http://dx.doi.org/10.1111/j.1600-0587.2009.05899.x
File ‘pertables.Rd’:
http://dx.doi.org/10.1111/j.1600-0587.2009.05899.x
File ‘rda_pertables.Rd’:
http://dx.doi.org/10.1111/j.1600-0587.2009.05899.x
Flavors: r-devel-linux-x86_64-debian-clang, r-devel-linux-x86_64-debian-gcc
These binaries (installable software) and packages are in development.
They may not be fully stable and should be used with caution. We make no claims about them.
Health stats visible at Monitor.