Last updated on 2025-05-03 13:50:50 CEST.
Flavor | Version | Tinstall | Tcheck | Ttotal | Status | Flags |
---|---|---|---|---|---|---|
r-devel-linux-x86_64-debian-clang | 1.5.3 | 36.14 | 68.13 | 104.27 | NOTE | |
r-devel-linux-x86_64-debian-gcc | 1.5.3 | 22.95 | 48.29 | 71.24 | NOTE | |
r-devel-linux-x86_64-fedora-clang | 1.5.3 | 189.25 | OK | |||
r-devel-linux-x86_64-fedora-gcc | 1.5.3 | 191.26 | OK | |||
r-devel-windows-x86_64 | 1.5.3 | 42.00 | 91.00 | 133.00 | OK | |
r-patched-linux-x86_64 | 1.5.3 | 33.57 | 62.99 | 96.56 | OK | |
r-release-linux-x86_64 | OK | |||||
r-release-macos-arm64 | 1.5.3 | 61.00 | OK | |||
r-release-macos-x86_64 | 1.5.3 | 112.00 | OK | |||
r-release-windows-x86_64 | 1.5.3 | 44.00 | 92.00 | 136.00 | OK | |
r-oldrel-macos-arm64 | 1.5.3 | 51.00 | OK | |||
r-oldrel-macos-x86_64 | 1.5.3 | 119.00 | OK | |||
r-oldrel-windows-x86_64 | 1.5.3 | 51.00 | 111.00 | 162.00 | OK |
Version: 1.5.3
Check: CRAN incoming feasibility
Result: NOTE
Maintainer: ‘Jakub Nowosad <nowosad.jakub@gmail.com>’
Package CITATION file contains call(s) to old-style citEntry(). Please
use bibentry() instead.
Flavors: r-devel-linux-x86_64-debian-clang, r-devel-linux-x86_64-debian-gcc
These binaries (installable software) and packages are in development.
They may not be fully stable and should be used with caution. We make no claims about them.
Health stats visible at Monitor.