Last updated on 2025-10-30 19:53:19 CET.
| Flavor | Version | Tinstall | Tcheck | Ttotal | Status | Flags | 
|---|---|---|---|---|---|---|
| r-devel-linux-x86_64-debian-clang | 3.1 | 738.43 | 250.99 | 989.42 | NOTE | |
| r-devel-linux-x86_64-debian-gcc | 3.1 | 672.45 | 232.13 | 904.58 | NOTE | |
| r-devel-linux-x86_64-fedora-clang | 3.1 | 3180.00 | -1518.77 | 1661.23 | OK | |
| r-devel-linux-x86_64-fedora-gcc | 3.1 | 2160.00 | -39.92 | 2120.08 | OK | |
| r-devel-windows-x86_64 | 3.1 | 844.00 | 322.00 | 1166.00 | OK | |
| r-patched-linux-x86_64 | 3.1 | 883.56 | 321.54 | 1205.10 | OK | |
| r-release-linux-x86_64 | 3.1 | 891.98 | 322.82 | 1214.80 | OK | |
| r-release-macos-arm64 | 3.1 | 310.00 | 88.00 | 398.00 | OK | |
| r-release-macos-x86_64 | 3.1 | 431.00 | 154.00 | 585.00 | OK | |
| r-release-windows-x86_64 | 3.1 | 868.00 | 317.00 | 1185.00 | OK | |
| r-oldrel-macos-arm64 | 3.1 | 158.00 | 60.00 | 218.00 | NOTE | |
| r-oldrel-macos-x86_64 | 3.1 | 125.00 | 113.00 | 238.00 | NOTE | |
| r-oldrel-windows-x86_64 | 3.1 | 939.00 | 409.00 | 1348.00 | NOTE | 
Version: 3.1
Check: CRAN incoming feasibility
Result: NOTE
  Maintainer: ‘Chenguang Wang <cwang68@jhmi.edu>’
  
  No Authors@R field in DESCRIPTION.
  Please add one, modifying
    Authors@R: c(person(given = "Chenguang",
                        family = "Wang",
                        role = c("aut", "cre"),
                        email = "cwang68@jhmi.edu"),
                 person(given = "Ravi",
                        family = "Varadhan",
                        role = "aut"),
                 person(given = c("Trustees", "of", "Columbia"),
                        family = "University",
                        role = "cph",
                        comment = "tools/make_cpp.R, R/stanmodels.R"))
  as necessary.
Flavors: r-devel-linux-x86_64-debian-clang, r-devel-linux-x86_64-debian-gcc
Version: 3.1
Check: installed package size
Result: NOTE
    installed size is 118.5Mb
    sub-directories of 1Mb or more:
      libs  116.9Mb
Flavors: r-oldrel-macos-arm64, r-oldrel-macos-x86_64, r-oldrel-windows-x86_64
Version: 3.1
Check: for GNU extensions in Makefiles
Result: NOTE
  GNU make is a SystemRequirements.
Flavors: r-oldrel-macos-arm64, r-oldrel-macos-x86_64, r-oldrel-windows-x86_64
These binaries (installable software) and packages are in development.
They may not be fully stable and should be used with caution. We make no claims about them.
Health stats visible at Monitor.