Last updated on 2025-05-15 09:52:09 CEST.
Flavor | Version | Tinstall | Tcheck | Ttotal | Status | Flags |
---|---|---|---|---|---|---|
r-devel-linux-x86_64-debian-clang | 1.1.0 | 10.56 | 140.89 | 151.45 | NOTE | |
r-devel-linux-x86_64-debian-gcc | 1.1.0 | 6.72 | 97.76 | 104.48 | NOTE | |
r-devel-linux-x86_64-fedora-clang | 1.1.0 | 234.13 | NOTE | |||
r-devel-linux-x86_64-fedora-gcc | 1.1.0 | 241.71 | NOTE | |||
r-devel-windows-x86_64 | 1.1.0 | 13.00 | 415.00 | 428.00 | NOTE | |
r-patched-linux-x86_64 | 1.1.0 | 10.01 | 134.30 | 144.31 | NOTE | |
r-release-linux-x86_64 | 1.1.0 | 8.44 | 136.47 | 144.91 | NOTE | |
r-release-macos-arm64 | 1.1.0 | 245.00 | NOTE | |||
r-release-macos-x86_64 | 1.1.0 | 433.00 | NOTE | |||
r-release-windows-x86_64 | 1.1.0 | 11.00 | 411.00 | 422.00 | NOTE | |
r-oldrel-macos-arm64 | 1.1.0 | 219.00 | NOTE | |||
r-oldrel-macos-x86_64 | 1.1.0 | 367.00 | NOTE | |||
r-oldrel-windows-x86_64 | 1.1.0 | 15.00 | 577.00 | 592.00 | NOTE |
Version: 1.1.0
Check: CRAN incoming feasibility
Result: NOTE
Maintainer: ‘Solvi Rognvaldsson <solviro@gmail.com>’
The Description field contains
described in Hrafnkelsson et al. (2020) <arXiv:2010.04769>.
Please refer to arXiv e-prints via their arXiv DOI <doi:10.48550/arXiv.YYMM.NNNNN>.
Flavors: r-devel-linux-x86_64-debian-clang, r-devel-linux-x86_64-debian-gcc
Version: 1.1.0
Check: Rd files
Result: NOTE
checkRd: (-1) autoplot.plm0.Rd:61: Lost braces in \itemize; meant \describe ?
checkRd: (-1) autoplot.plm0.Rd:62: Lost braces in \itemize; meant \describe ?
checkRd: (-1) autoplot.plm0.Rd:63: Lost braces in \itemize; meant \describe ?
checkRd: (-1) autoplot.plm0.Rd:64: Lost braces in \itemize; meant \describe ?
checkRd: (-1) autoplot.plm0.Rd:65: Lost braces in \itemize; meant \describe ?
checkRd: (-1) autoplot.plm0.Rd:66: Lost braces in \itemize; meant \describe ?
checkRd: (-1) autoplot.plm0.Rd:67: Lost braces in \itemize; meant \describe ?
checkRd: (-1) autoplot.plm0.Rd:68: Lost braces in \itemize; meant \describe ?
checkRd: (-1) autoplot.tournament.Rd:16: Lost braces in \itemize; meant \describe ?
checkRd: (-1) get_report.Rd:31: Lost braces in \itemize; meant \describe ?
checkRd: (-1) get_report.Rd:32: Lost braces in \itemize; meant \describe ?
checkRd: (-1) get_report_pages.Rd:29: Lost braces in \itemize; meant \describe ?
checkRd: (-1) get_report_pages.Rd:30: Lost braces in \itemize; meant \describe ?
checkRd: (-1) plot.plm0.Rd:61: Lost braces in \itemize; meant \describe ?
checkRd: (-1) plot.plm0.Rd:62: Lost braces in \itemize; meant \describe ?
checkRd: (-1) plot.plm0.Rd:63: Lost braces in \itemize; meant \describe ?
checkRd: (-1) plot.plm0.Rd:64: Lost braces in \itemize; meant \describe ?
checkRd: (-1) plot.plm0.Rd:65: Lost braces in \itemize; meant \describe ?
checkRd: (-1) plot.plm0.Rd:66: Lost braces in \itemize; meant \describe ?
checkRd: (-1) plot.plm0.Rd:67: Lost braces in \itemize; meant \describe ?
checkRd: (-1) plot.plm0.Rd:68: Lost braces in \itemize; meant \describe ?
checkRd: (-1) plot.plm0.Rd:69: Lost braces in \itemize; meant \describe ?
checkRd: (-1) plot.tournament.Rd:16: Lost braces in \itemize; meant \describe ?
checkRd: (-1) plot.tournament.Rd:17: Lost braces in \itemize; meant \describe ?
checkRd: (-1) plot.tournament.Rd:18: Lost braces in \itemize; meant \describe ?
checkRd: (-1) plot.tournament.Rd:19: Lost braces in \itemize; meant \describe ?
checkRd: (-1) plot.tournament.Rd:20: Lost braces in \itemize; meant \describe ?
checkRd: (-1) plot.tournament.Rd:21: Lost braces in \itemize; meant \describe ?
checkRd: (-1) plot.tournament.Rd:22: Lost braces in \itemize; meant \describe ?
checkRd: (-1) plot_fun.Rd:23: Lost braces in \itemize; meant \describe ?
checkRd: (-1) plot_fun.Rd:24: Lost braces in \itemize; meant \describe ?
checkRd: (-1) plot_fun.Rd:25: Lost braces in \itemize; meant \describe ?
checkRd: (-1) plot_fun.Rd:26: Lost braces in \itemize; meant \describe ?
checkRd: (-1) plot_fun.Rd:27: Lost braces in \itemize; meant \describe ?
checkRd: (-1) plot_fun.Rd:28: Lost braces in \itemize; meant \describe ?
checkRd: (-1) plot_fun.Rd:29: Lost braces in \itemize; meant \describe ?
checkRd: (-1) plot_fun.Rd:30: Lost braces in \itemize; meant \describe ?
checkRd: (-1) plot_fun.Rd:31: Lost braces in \itemize; meant \describe ?
Flavors: r-devel-linux-x86_64-debian-clang, r-devel-linux-x86_64-debian-gcc, r-devel-linux-x86_64-fedora-clang, r-devel-linux-x86_64-fedora-gcc, r-devel-windows-x86_64, r-patched-linux-x86_64, r-release-linux-x86_64, r-release-macos-arm64, r-release-macos-x86_64, r-release-windows-x86_64, r-oldrel-macos-arm64, r-oldrel-macos-x86_64, r-oldrel-windows-x86_64
These binaries (installable software) and packages are in development.
They may not be fully stable and should be used with caution. We make no claims about them.
Health stats visible at Monitor.