Last updated on 2025-05-15 09:52:09 CEST.
Flavor | Version | Tinstall | Tcheck | Ttotal | Status | Flags |
---|---|---|---|---|---|---|
r-devel-linux-x86_64-debian-clang | 1.0.2 | 5.06 | 35.63 | 40.69 | NOTE | |
r-devel-linux-x86_64-debian-gcc | 1.0.2 | 3.95 | 24.81 | 28.76 | NOTE | |
r-devel-linux-x86_64-fedora-clang | 1.0.2 | 64.09 | OK | |||
r-devel-linux-x86_64-fedora-gcc | 1.0.2 | 59.29 | OK | |||
r-devel-windows-x86_64 | 1.0.2 | 10.00 | 55.00 | 65.00 | OK | |
r-patched-linux-x86_64 | 1.0.2 | 4.70 | 32.90 | 37.60 | OK | |
r-release-linux-x86_64 | 1.0.2 | 4.28 | 32.80 | 37.08 | OK | |
r-release-macos-arm64 | 1.0.2 | 24.00 | OK | |||
r-release-macos-x86_64 | 1.0.2 | 58.00 | OK | |||
r-release-windows-x86_64 | 1.0.2 | 11.00 | 57.00 | 68.00 | OK | |
r-oldrel-macos-arm64 | 1.0.2 | 28.00 | OK | |||
r-oldrel-macos-x86_64 | 1.0.2 | 52.00 | OK | |||
r-oldrel-windows-x86_64 | 1.0.2 | 12.00 | 66.00 | 78.00 | OK |
Version: 1.0.2
Check: CRAN incoming feasibility
Result: NOTE
Maintainer: ‘Michal Burdukiewicz <michalburdukiewicz@gmail.com>’
The Description field contains
article (at <arXiv:0908.2062>) and Perry's 2009 PhD thesis (at
<arXiv:0909.3052>).
Please refer to arXiv e-prints via their arXiv DOI <doi:10.48550/arXiv.YYMM.NNNNN>.
Flavors: r-devel-linux-x86_64-debian-clang, r-devel-linux-x86_64-debian-gcc
These binaries (installable software) and packages are in development.
They may not be fully stable and should be used with caution. We make no claims about them.
Health stats visible at Monitor.