Last updated on 2025-05-15 09:52:09 CEST.
Flavor | Version | Tinstall | Tcheck | Ttotal | Status | Flags |
---|---|---|---|---|---|---|
r-devel-linux-x86_64-debian-clang | 1.3.2 | 11.69 | 65.72 | 77.41 | NOTE | |
r-devel-linux-x86_64-debian-gcc | 1.3.2 | 8.27 | 46.44 | 54.71 | NOTE | |
r-devel-linux-x86_64-fedora-clang | 1.3.2 | 127.95 | NOTE | |||
r-devel-linux-x86_64-fedora-gcc | 1.3.2 | 140.35 | NOTE | |||
r-devel-windows-x86_64 | 1.3.2 | 15.00 | 114.00 | 129.00 | NOTE | |
r-patched-linux-x86_64 | 1.3.2 | 12.09 | 61.70 | 73.79 | NOTE | |
r-release-linux-x86_64 | 1.3.2 | 12.27 | 63.58 | 75.85 | NOTE | |
r-release-macos-arm64 | 1.3.2 | 54.00 | NOTE | |||
r-release-macos-x86_64 | 1.3.2 | 106.00 | NOTE | |||
r-release-windows-x86_64 | 1.3.2 | 15.00 | 113.00 | 128.00 | NOTE | |
r-oldrel-macos-arm64 | 1.3.2 | 47.00 | NOTE | |||
r-oldrel-macos-x86_64 | 1.3.2 | 118.00 | NOTE | |||
r-oldrel-windows-x86_64 | 1.3.2 | 14.00 | 133.00 | 147.00 | NOTE |
Version: 1.3.2
Check: CRAN incoming feasibility
Result: NOTE
Maintainer: ‘Eliezer Gurarie <egurarie@esf.edu>’
No Authors@R field in DESCRIPTION.
Please add one, modifying
Authors@R: person(given = "Eliezer",
family = "Gurarie",
role = c("aut", "cre"),
email = "egurarie@esf.edu")
as necessary.
Flavors: r-devel-linux-x86_64-debian-clang, r-devel-linux-x86_64-debian-gcc
Version: 1.3.2
Check: Rd files
Result: NOTE
checkRd: (-1) WindowSweep.Rd:32: Lost braces
32 | `code{\link{GetVT}}`. Otherwise, any column (e.g. \code{"Depth"}) in the
| ^
checkRd: (-1) WindowSweep.Rd:36: Lost braces
36 | \code{T.mid} from the output of the `code{\link{GetVT}}`.}
| ^
Flavors: r-devel-linux-x86_64-debian-clang, r-devel-linux-x86_64-debian-gcc, r-devel-linux-x86_64-fedora-clang, r-devel-linux-x86_64-fedora-gcc, r-devel-windows-x86_64, r-patched-linux-x86_64, r-release-linux-x86_64, r-release-macos-arm64, r-release-macos-x86_64, r-release-windows-x86_64, r-oldrel-macos-arm64, r-oldrel-macos-x86_64, r-oldrel-windows-x86_64
These binaries (installable software) and packages are in development.
They may not be fully stable and should be used with caution. We make no claims about them.
Health stats visible at Monitor.