Last updated on 2025-02-23 19:50:59 CET.
Flavor | Version | Tinstall | Tcheck | Ttotal | Status | Flags |
---|---|---|---|---|---|---|
r-devel-linux-x86_64-debian-clang | 1.3.2 | 10.80 | 66.14 | 76.94 | NOTE | |
r-devel-linux-x86_64-debian-gcc | 1.3.2 | 8.14 | 46.10 | 54.24 | NOTE | |
r-devel-linux-x86_64-fedora-clang | 1.3.2 | 129.50 | NOTE | |||
r-devel-linux-x86_64-fedora-gcc | 1.3.2 | 136.38 | NOTE | |||
r-devel-macos-arm64 | 1.3.2 | 47.00 | NOTE | |||
r-devel-macos-x86_64 | 1.3.2 | 102.00 | NOTE | |||
r-devel-windows-x86_64 | 1.3.2 | 15.00 | 110.00 | 125.00 | NOTE | |
r-patched-linux-x86_64 | 1.3.2 | 11.55 | 61.05 | 72.60 | NOTE | |
r-release-linux-x86_64 | 1.3.2 | 11.49 | 60.49 | 71.98 | NOTE | |
r-release-macos-arm64 | 1.3.2 | 47.00 | NOTE | |||
r-release-macos-x86_64 | 1.3.2 | 118.00 | NOTE | |||
r-release-windows-x86_64 | 1.3.2 | 15.00 | 114.00 | 129.00 | NOTE | |
r-oldrel-macos-arm64 | 1.3.2 | 45.00 | OK | |||
r-oldrel-macos-x86_64 | 1.3.2 | 76.00 | OK | |||
r-oldrel-windows-x86_64 | 1.3.2 | 17.00 | 131.00 | 148.00 | OK |
Version: 1.3.2
Check: Rd files
Result: NOTE
checkRd: (-1) WindowSweep.Rd:32: Lost braces
32 | `code{\link{GetVT}}`. Otherwise, any column (e.g. \code{"Depth"}) in the
| ^
checkRd: (-1) WindowSweep.Rd:36: Lost braces
36 | \code{T.mid} from the output of the `code{\link{GetVT}}`.}
| ^
Flavors: r-devel-linux-x86_64-debian-clang, r-devel-linux-x86_64-debian-gcc, r-devel-linux-x86_64-fedora-clang, r-devel-linux-x86_64-fedora-gcc, r-devel-macos-arm64, r-devel-macos-x86_64, r-devel-windows-x86_64, r-patched-linux-x86_64, r-release-linux-x86_64, r-release-macos-arm64, r-release-macos-x86_64, r-release-windows-x86_64
These binaries (installable software) and packages are in development.
They may not be fully stable and should be used with caution. We make no claims about them.
Health stats visible at Monitor.