Last updated on 2025-02-02 07:50:05 CET.
Flavor | Version | Tinstall | Tcheck | Ttotal | Status | Flags |
---|---|---|---|---|---|---|
r-devel-linux-x86_64-debian-clang | 0.5.0 | 3.60 | 38.67 | 42.27 | NOTE | |
r-devel-linux-x86_64-debian-gcc | 0.5.0 | 3.14 | 26.81 | 29.95 | NOTE | |
r-devel-linux-x86_64-fedora-clang | 0.5.0 | 71.05 | NOTE | |||
r-devel-linux-x86_64-fedora-gcc | 0.5.0 | 65.78 | NOTE | |||
r-devel-windows-x86_64 | 0.5.0 | 5.00 | 65.00 | 70.00 | NOTE | |
r-patched-linux-x86_64 | 0.5.0 | 3.45 | 36.48 | 39.93 | NOTE | |
r-release-linux-x86_64 | 0.5.0 | 3.96 | 37.32 | 41.28 | NOTE | |
r-release-macos-arm64 | 0.5.0 | 25.00 | NOTE | |||
r-release-macos-x86_64 | 0.5.0 | 52.00 | NOTE | |||
r-release-windows-x86_64 | 0.5.0 | 6.00 | 60.00 | 66.00 | NOTE | |
r-oldrel-macos-arm64 | 0.5.0 | 26.00 | OK | |||
r-oldrel-macos-x86_64 | 0.5.0 | 35.00 | OK | |||
r-oldrel-windows-x86_64 | 0.5.0 | 6.00 | 64.00 | 70.00 | OK |
Version: 0.5.0
Check: Rd files
Result: NOTE
checkRd: (-1) goftype1.Rd:4: Lost braces
4 | \description{The goodness-of-fit (GOF) measures consist of Anderson-Darling (\code{AD}) and Cram\'{e}er-von Misses (\code{CVM}) statistics for progressive type-I interval censoring scheme are given, respectively, by
| ^
Flavors: r-devel-linux-x86_64-debian-clang, r-devel-linux-x86_64-debian-gcc, r-devel-linux-x86_64-fedora-clang, r-devel-linux-x86_64-fedora-gcc, r-devel-windows-x86_64, r-patched-linux-x86_64, r-release-linux-x86_64, r-release-macos-arm64, r-release-macos-x86_64, r-release-windows-x86_64
These binaries (installable software) and packages are in development.
They may not be fully stable and should be used with caution. We make no claims about them.
Health stats visible at Monitor.