Last updated on 2025-05-17 19:51:45 CEST.
Flavor | Version | Tinstall | Tcheck | Ttotal | Status | Flags |
---|---|---|---|---|---|---|
r-devel-linux-x86_64-debian-clang | 0.5.0 | 3.91 | 38.73 | 42.64 | NOTE | |
r-devel-linux-x86_64-debian-gcc | 0.5.0 | 2.94 | 28.09 | 31.03 | NOTE | |
r-devel-linux-x86_64-fedora-clang | 0.5.0 | 68.11 | NOTE | |||
r-devel-linux-x86_64-fedora-gcc | 0.5.0 | 67.09 | NOTE | |||
r-devel-windows-x86_64 | 0.5.0 | 6.00 | 58.00 | 64.00 | NOTE | |
r-patched-linux-x86_64 | 0.5.0 | 4.37 | 37.54 | 41.91 | NOTE | |
r-release-linux-x86_64 | 0.5.0 | 3.91 | 37.33 | 41.24 | NOTE | |
r-release-macos-arm64 | 0.5.0 | 22.00 | NOTE | |||
r-release-macos-x86_64 | 0.5.0 | 38.00 | NOTE | |||
r-release-windows-x86_64 | 0.5.0 | 5.00 | 60.00 | 65.00 | NOTE | |
r-oldrel-macos-arm64 | 0.5.0 | 25.00 | NOTE | |||
r-oldrel-macos-x86_64 | 0.5.0 | 52.00 | NOTE | |||
r-oldrel-windows-x86_64 | 0.5.0 | 4.00 | 68.00 | 72.00 | NOTE |
Version: 0.5.0
Check: CRAN incoming feasibility
Result: NOTE
Maintainer: ‘Mahdi Teimouri <teimouri@aut.ac.ir>’
No Authors@R field in DESCRIPTION.
Please add one, modifying
Authors@R: person(given = "Mahdi",
family = "Teimouri",
role = c("aut", "cre"),
email = "teimouri@aut.ac.ir")
as necessary.
Flavors: r-devel-linux-x86_64-debian-clang, r-devel-linux-x86_64-debian-gcc
Version: 0.5.0
Check: Rd files
Result: NOTE
checkRd: (-1) goftype1.Rd:4: Lost braces
4 | \description{The goodness-of-fit (GOF) measures consist of Anderson-Darling (\code{AD}) and Cram\'{e}er-von Misses (\code{CVM}) statistics for progressive type-I interval censoring scheme are given, respectively, by
| ^
Flavors: r-devel-linux-x86_64-debian-clang, r-devel-linux-x86_64-debian-gcc, r-devel-linux-x86_64-fedora-clang, r-devel-linux-x86_64-fedora-gcc, r-devel-windows-x86_64, r-patched-linux-x86_64, r-release-linux-x86_64, r-release-macos-arm64, r-release-macos-x86_64, r-release-windows-x86_64, r-oldrel-macos-arm64, r-oldrel-macos-x86_64, r-oldrel-windows-x86_64
These binaries (installable software) and packages are in development.
They may not be fully stable and should be used with caution. We make no claims about them.
Health stats visible at Monitor.