Last updated on 2025-02-23 15:49:37 CET.
Flavor | Version | Tinstall | Tcheck | Ttotal | Status | Flags |
---|---|---|---|---|---|---|
r-devel-linux-x86_64-debian-clang | 2.0.2 | 4.32 | 197.06 | 201.38 | NOTE | |
r-devel-linux-x86_64-debian-gcc | 2.0.2 | 2.79 | 127.95 | 130.74 | NOTE | |
r-devel-linux-x86_64-fedora-clang | 2.0.2 | 364.73 | NOTE | |||
r-devel-linux-x86_64-fedora-gcc | 2.0.2 | 375.97 | NOTE | |||
r-devel-macos-arm64 | 2.0.2 | 100.00 | NOTE | |||
r-devel-macos-x86_64 | 2.0.2 | 254.00 | NOTE | |||
r-devel-windows-x86_64 | 2.0.2 | 5.00 | 235.00 | 240.00 | NOTE | |
r-patched-linux-x86_64 | 2.0.2 | 4.57 | 195.23 | 199.80 | NOTE | |
r-release-linux-x86_64 | 2.0.2 | 3.82 | 200.31 | 204.13 | NOTE | |
r-release-macos-arm64 | 2.0.2 | 96.00 | NOTE | |||
r-release-macos-x86_64 | 2.0.2 | 205.00 | NOTE | |||
r-release-windows-x86_64 | 2.0.2 | 5.00 | 253.00 | 258.00 | NOTE | |
r-oldrel-macos-arm64 | 2.0.2 | 97.00 | OK | |||
r-oldrel-macos-x86_64 | 2.0.2 | 185.00 | NOTE | |||
r-oldrel-windows-x86_64 | 2.0.2 | 6.00 | 283.00 | 289.00 | OK |
Version: 2.0.2
Check: Rd files
Result: NOTE
checkRd: (-1) bbreg.Rd:75: Lost braces; missing escapes or markup?
75 | ("x_{i,1}" and "v_{i,1}" may be 1 to handle intercepts). As it can be seen, this regression model has two levels with covariates explaining the mean
| ^
checkRd: (-1) bbreg.Rd:75: Lost braces; missing escapes or markup?
75 | ("x_{i,1}" and "v_{i,1}" may be 1 to handle intercepts). As it can be seen, this regression model has two levels with covariates explaining the mean
| ^
checkRd: (-1) dbbtest.Rd:27: Lost braces; missing escapes or markup?
27 | considered in the decision rule of the test; they are sum(z2/n) = sum_{i=1}^{n}(z_i^2)/n, sum(quasi_mu) = sum_{i=1}^{n}(tilde{mu_i}^2 + tilde{mu_i}(1-tilde{mu_i})/2)
| ^
checkRd: (-1) dbbtest.Rd:27: Lost braces; missing escapes or markup?
27 | considered in the decision rule of the test; they are sum(z2/n) = sum_{i=1}^{n}(z_i^2)/n, sum(quasi_mu) = sum_{i=1}^{n}(tilde{mu_i}^2 + tilde{mu_i}(1-tilde{mu_i})/2)
| ^
checkRd: (-1) dbbtest.Rd:27: Lost braces; missing escapes or markup?
27 | considered in the decision rule of the test; they are sum(z2/n) = sum_{i=1}^{n}(z_i^2)/n, sum(quasi_mu) = sum_{i=1}^{n}(tilde{mu_i}^2 + tilde{mu_i}(1-tilde{mu_i})/2)
| ^
checkRd: (-1) dbbtest.Rd:27: Lost braces; missing escapes or markup?
27 | considered in the decision rule of the test; they are sum(z2/n) = sum_{i=1}^{n}(z_i^2)/n, sum(quasi_mu) = sum_{i=1}^{n}(tilde{mu_i}^2 + tilde{mu_i}(1-tilde{mu_i})/2)
| ^
checkRd: (-1) dbbtest.Rd:27: Lost braces
27 | considered in the decision rule of the test; they are sum(z2/n) = sum_{i=1}^{n}(z_i^2)/n, sum(quasi_mu) = sum_{i=1}^{n}(tilde{mu_i}^2 + tilde{mu_i}(1-tilde{mu_i})/2)
| ^
checkRd: (-1) dbbtest.Rd:27: Lost braces
27 | considered in the decision rule of the test; they are sum(z2/n) = sum_{i=1}^{n}(z_i^2)/n, sum(quasi_mu) = sum_{i=1}^{n}(tilde{mu_i}^2 + tilde{mu_i}(1-tilde{mu_i})/2)
| ^
checkRd: (-1) dbbtest.Rd:27: Lost braces
27 | considered in the decision rule of the test; they are sum(z2/n) = sum_{i=1}^{n}(z_i^2)/n, sum(quasi_mu) = sum_{i=1}^{n}(tilde{mu_i}^2 + tilde{mu_i}(1-tilde{mu_i})/2)
| ^
Flavors: r-devel-linux-x86_64-debian-clang, r-devel-linux-x86_64-debian-gcc, r-devel-linux-x86_64-fedora-clang, r-devel-linux-x86_64-fedora-gcc, r-devel-macos-arm64, r-devel-macos-x86_64, r-devel-windows-x86_64, r-patched-linux-x86_64, r-release-linux-x86_64, r-release-macos-arm64, r-release-macos-x86_64, r-release-windows-x86_64
Version: 2.0.2
Check: Rd cross-references
Result: NOTE
Package unavailable to check Rd xrefs: ‘betareg’
Flavor: r-oldrel-macos-x86_64
These binaries (installable software) and packages are in development.
They may not be fully stable and should be used with caution. We make no claims about them.
Health stats visible at Monitor.