CRAN Package Check Results for Package bbdetection

Last updated on 2025-05-15 07:49:34 CEST.

Flavor Version Tinstall Tcheck Ttotal Status Flags
r-devel-linux-x86_64-debian-clang 1.0 14.54 50.82 65.36 NOTE
r-devel-linux-x86_64-debian-gcc 1.0 10.51 35.83 46.34 NOTE
r-devel-linux-x86_64-fedora-clang 1.0 109.22 OK
r-devel-linux-x86_64-fedora-gcc 1.0 107.23 OK
r-devel-windows-x86_64 1.0 21.00 77.00 98.00 OK
r-patched-linux-x86_64 1.0 14.89 46.35 61.24 OK
r-release-linux-x86_64 1.0 14.04 46.22 60.26 OK
r-release-macos-arm64 1.0 37.00 OK
r-release-macos-x86_64 1.0 52.00 OK
r-release-windows-x86_64 1.0 20.00 76.00 96.00 OK
r-oldrel-macos-arm64 1.0 32.00 OK
r-oldrel-macos-x86_64 1.0 45.00 OK
r-oldrel-windows-x86_64 1.0 23.00 96.00 119.00 OK

Check Details

Version: 1.0
Check: CRAN incoming feasibility
Result: NOTE Maintainer: ‘Valeriy Zakamulin <valeriz@uia.no>’ No Authors@R field in DESCRIPTION. Please add one, modifying Authors@R: person(given = "Valeriy", family = "Zakamulin", role = c("aut", "cre"), email = "valeriz@uia.no") as necessary. Flavors: r-devel-linux-x86_64-debian-clang, r-devel-linux-x86_64-debian-gcc

These binaries (installable software) and packages are in development.
They may not be fully stable and should be used with caution. We make no claims about them.
Health stats visible at Monitor.