Last updated on 2025-10-31 03:49:57 CET.
| Flavor | Version | Tinstall | Tcheck | Ttotal | Status | Flags | 
|---|---|---|---|---|---|---|
| r-devel-linux-x86_64-debian-clang | 1.14.0 | 21.46 | 472.58 | 494.04 | NOTE | |
| r-devel-linux-x86_64-debian-gcc | 1.14.0 | 13.11 | 305.36 | 318.47 | NOTE | |
| r-devel-linux-x86_64-fedora-clang | 1.14.0 | 53.00 | 780.19 | 833.19 | NOTE | |
| r-devel-linux-x86_64-fedora-gcc | 1.14.0 | 89.00 | 688.96 | 777.96 | NOTE | |
| r-devel-windows-x86_64 | 1.14.0 | 20.00 | 401.00 | 421.00 | OK | |
| r-patched-linux-x86_64 | 1.14.0 | 21.16 | 453.64 | 474.80 | OK | |
| r-release-linux-x86_64 | 1.14.0 | 17.63 | 448.87 | 466.50 | OK | |
| r-release-macos-arm64 | 1.14.0 | 6.00 | 194.00 | 200.00 | OK | |
| r-release-macos-x86_64 | 1.14.0 | 21.00 | 443.00 | 464.00 | OK | |
| r-release-windows-x86_64 | 1.14.0 | 22.00 | 395.00 | 417.00 | OK | |
| r-oldrel-macos-arm64 | 1.14.0 | 7.00 | 175.00 | 182.00 | NOTE | |
| r-oldrel-macos-x86_64 | 1.14.0 | 12.00 | 323.00 | 335.00 | NOTE | |
| r-oldrel-windows-x86_64 | 1.14.0 | 31.00 | 558.00 | 589.00 | NOTE | 
Version: 1.14.0
Check: Rd files
Result: NOTE
  checkRd: (-1) bayesplot-package.Rd:28: height/width attributes should be in pixels
  checkRd: (-1) bayesplot-package.Rd:29: height/width attributes should be in pixels
  checkRd: (-1) bayesplot-package.Rd:30: height/width attributes should be in pixels
Flavors: r-devel-linux-x86_64-debian-clang, r-devel-linux-x86_64-debian-gcc, r-devel-linux-x86_64-fedora-clang, r-devel-linux-x86_64-fedora-gcc
Version: 1.14.0
Check: installed package size
Result: NOTE
    installed size is  6.6Mb
    sub-directories of 1Mb or more:
      R     1.9Mb
      doc   4.0Mb
Flavors: r-oldrel-macos-arm64, r-oldrel-macos-x86_64, r-oldrel-windows-x86_64
These binaries (installable software) and packages are in development.
They may not be fully stable and should be used with caution. We make no claims about them.
Health stats visible at Monitor.