Last updated on 2025-02-02 07:50:05 CET.
Flavor | Version | Tinstall | Tcheck | Ttotal | Status | Flags |
---|---|---|---|---|---|---|
r-devel-linux-x86_64-debian-clang | 1.0.1 | 154.50 | 46.91 | 201.41 | NOTE | |
r-devel-linux-x86_64-debian-gcc | 1.0.1 | 112.01 | 34.64 | 146.65 | NOTE | |
r-devel-linux-x86_64-fedora-clang | 1.0.1 | 375.35 | NOTE | |||
r-devel-linux-x86_64-fedora-gcc | 1.0.1 | 428.85 | NOTE | |||
r-devel-windows-x86_64 | 1.0.1 | 174.00 | 95.00 | 269.00 | NOTE | |
r-patched-linux-x86_64 | 1.0.1 | 157.41 | 43.30 | 200.71 | NOTE | |
r-release-linux-x86_64 | 1.0.1 | 153.48 | 43.99 | 197.47 | NOTE | |
r-release-macos-arm64 | 1.0.1 | 54.00 | NOTE | |||
r-release-macos-x86_64 | 1.0.1 | 72.00 | NOTE | |||
r-release-windows-x86_64 | 1.0.1 | 175.00 | 100.00 | 275.00 | NOTE | |
r-oldrel-macos-arm64 | 1.0.1 | 107.00 | NOTE | |||
r-oldrel-macos-x86_64 | 1.0.1 | 216.00 | NOTE | |||
r-oldrel-windows-x86_64 | 1.0.1 | 201.00 | 107.00 | 308.00 | NOTE |
Version: 1.0.1
Check: C++ specification
Result: NOTE
Specified C++11: please drop specification unless essential
Flavors: r-devel-linux-x86_64-debian-clang, r-devel-linux-x86_64-debian-gcc, r-devel-linux-x86_64-fedora-clang, r-devel-linux-x86_64-fedora-gcc, r-devel-windows-x86_64, r-patched-linux-x86_64, r-release-linux-x86_64, r-release-macos-arm64, r-release-macos-x86_64, r-release-windows-x86_64, r-oldrel-macos-arm64, r-oldrel-macos-x86_64, r-oldrel-windows-x86_64
Version: 1.0.1
Check: Rd files
Result: NOTE
checkRd: (-1) predict.bayeslm.fit.Rd:18: Lost braces; missing escapes or markup?
18 | \item{X }{ If call \code{bayeslm} with matrices input \code{x} and {y} but not formula, pass new matrix to predict here. See example for details.}
| ^
Flavors: r-devel-linux-x86_64-debian-clang, r-devel-linux-x86_64-debian-gcc, r-devel-linux-x86_64-fedora-clang, r-devel-linux-x86_64-fedora-gcc, r-devel-windows-x86_64, r-patched-linux-x86_64, r-release-linux-x86_64, r-release-macos-arm64, r-release-macos-x86_64, r-release-windows-x86_64
Version: 1.0.1
Check: Rd cross-references
Result: NOTE
Found the following Rd file(s) with Rd \link{} targets missing package
anchors:
hs_gibbs.Rd: summary.mcmc
summary.bayeslm.fit.Rd: summary.mcmc
Please provide package anchors for all Rd \link{} targets not in the
package itself and the base packages.
Flavors: r-devel-linux-x86_64-debian-clang, r-devel-linux-x86_64-debian-gcc, r-devel-windows-x86_64
Version: 1.0.1
Check: for GNU extensions in Makefiles
Result: NOTE
GNU make is a SystemRequirements.
Flavors: r-patched-linux-x86_64, r-release-linux-x86_64, r-release-macos-arm64, r-release-macos-x86_64, r-release-windows-x86_64, r-oldrel-macos-arm64, r-oldrel-macos-x86_64, r-oldrel-windows-x86_64
Version: 1.0.1
Check: installed package size
Result: NOTE
installed size is 8.5Mb
sub-directories of 1Mb or more:
libs 8.2Mb
Flavors: r-release-macos-arm64, r-release-macos-x86_64, r-oldrel-macos-arm64, r-oldrel-macos-x86_64
These binaries (installable software) and packages are in development.
They may not be fully stable and should be used with caution. We make no claims about them.
Health stats visible at Monitor.