CRAN Package Check Results for Package bayesWatch

Last updated on 2025-05-18 11:51:37 CEST.

Flavor Version Tinstall Tcheck Ttotal Status Flags
r-devel-linux-x86_64-debian-clang 0.1.3 88.21 99.21 187.42 NOTE
r-devel-linux-x86_64-debian-gcc 0.1.3 60.81 69.28 130.09 NOTE
r-devel-linux-x86_64-fedora-clang 0.1.3 330.88 OK
r-devel-linux-x86_64-fedora-gcc 0.1.3 334.71 OK
r-devel-windows-x86_64 0.1.3 103.00 113.00 216.00 OK
r-patched-linux-x86_64 0.1.3 88.92 92.11 181.03 OK
r-release-linux-x86_64 0.1.3 85.53 90.47 176.00 OK
r-release-macos-arm64 0.1.3 72.00 OK
r-release-macos-x86_64 0.1.3 199.00 OK
r-release-windows-x86_64 0.1.3 105.00 121.00 226.00 OK
r-oldrel-macos-arm64 0.1.3 76.00 NOTE
r-oldrel-macos-x86_64 0.1.3 90.00 NOTE
r-oldrel-windows-x86_64 0.1.3 119.00 145.00 264.00 OK

Check Details

Version: 0.1.3
Check: CRAN incoming feasibility
Result: NOTE Maintainer: ‘Alexander C. Murph <murph290@gmail.com>’ The Description field contains al. (2023) <arXiv:2310.02940>. Please refer to arXiv e-prints via their arXiv DOI <doi:10.48550/arXiv.YYMM.NNNNN>. Flavors: r-devel-linux-x86_64-debian-clang, r-devel-linux-x86_64-debian-gcc

Version: 0.1.3
Check: DESCRIPTION meta-information
Result: NOTE Author field differs from that derived from Authors@R Author: ‘Alexander C. Murph [aut, cre] (<https://orcid.org/0000-0001-7170-867X>), Reza Mohammadi [ctb, cph] (<https://orcid.org/0000-0001-9538-0648>), Alex Lenkoski [ctb, cph] (<https://orcid.org/0000-0002-6664-0292>), Andrew Johnson [ctb] (andrew.johnson@arjohnsonau.com)’ Authors@R: ‘Alexander C. Murph [aut, cre] (ORCID: <https://orcid.org/0000-0001-7170-867X>), Reza Mohammadi [ctb, cph] (ORCID: <https://orcid.org/0000-0001-9538-0648>), Alex Lenkoski [ctb, cph] (ORCID: <https://orcid.org/0000-0002-6664-0292>), Andrew Johnson [ctb] (email: andrew.johnson@arjohnsonau.com)’ Flavors: r-devel-linux-x86_64-debian-clang, r-devel-linux-x86_64-debian-gcc

Version: 0.1.3
Check: installed package size
Result: NOTE installed size is 7.1Mb sub-directories of 1Mb or more: help 2.2Mb libs 4.6Mb Flavors: r-oldrel-macos-arm64, r-oldrel-macos-x86_64

These binaries (installable software) and packages are in development.
They may not be fully stable and should be used with caution. We make no claims about them.
Health stats visible at Monitor.