Last updated on 2024-05-02 08:01:33 CEST.
Flavor | Version | Tinstall | Tcheck | Ttotal | Status | Flags |
---|---|---|---|---|---|---|
r-devel-linux-x86_64-debian-clang | 0.0.2 | 827.12 | 268.33 | 1095.45 | NOTE | |
r-devel-linux-x86_64-debian-gcc | 0.0.2 | 732.19 | 245.82 | 978.01 | NOTE | |
r-devel-linux-x86_64-fedora-clang | 0.0.2 | 1311.71 | NOTE | |||
r-devel-linux-x86_64-fedora-gcc | 0.0.2 | 1762.99 | NOTE | |||
r-devel-windows-x86_64 | 0.0.2 | 588.00 | 289.00 | 877.00 | NOTE | |
r-patched-linux-x86_64 | 0.0.2 | 626.08 | 336.11 | 962.19 | NOTE | |
r-release-linux-x86_64 | 0.0.2 | 684.51 | 337.23 | 1021.74 | NOTE | |
r-release-macos-arm64 | 0.0.2 | 333.00 | NOTE | |||
r-release-windows-x86_64 | 0.0.2 | 586.00 | 274.00 | 860.00 | NOTE | |
r-oldrel-macos-arm64 | 0.0.2 | 349.00 | NOTE | |||
r-oldrel-macos-x86_64 | 0.0.2 | 542.00 | NOTE | |||
r-oldrel-windows-x86_64 | 0.0.2 | 797.00 | 346.00 | 1143.00 | NOTE |
Version: 0.0.2
Check: Rd files
Result: NOTE
checkRd: (-1) mcmc_plots.Rd:204-206: Lost braces in \itemize; meant \describe ?
checkRd: (-1) mcmc_plots.Rd:207-209: Lost braces in \itemize; meant \describe ?
checkRd: (-1) mcmc_plots.Rd:210-212: Lost braces in \itemize; meant \describe ?
checkRd: (-1) mcmc_plots.Rd:213-216: Lost braces in \itemize; meant \describe ?
checkRd: (-1) mcmc_plots.Rd:217-220: Lost braces in \itemize; meant \describe ?
checkRd: (-1) mcmc_plots.Rd:221-226: Lost braces in \itemize; meant \describe ?
checkRd: (-1) mcmc_plots.Rd:227-230: Lost braces in \itemize; meant \describe ?
checkRd: (-1) mcmc_plots.Rd:231-234: Lost braces in \itemize; meant \describe ?
checkRd: (-1) mcmc_plots.Rd:235-239: Lost braces in \itemize; meant \describe ?
checkRd: (-1) mcmc_plots.Rd:240-244: Lost braces in \itemize; meant \describe ?
checkRd: (-1) mcmc_plots.Rd:245-254: Lost braces in \itemize; meant \describe ?
checkRd: (-1) mcmc_plots.Rd:255-279: Lost braces in \itemize; meant \describe ?
checkRd: (-1) mcmc_plots.Rd:264: Lost braces
264 | \item{\code{mcmc_neff(object, ...)}, \code{mcmc_neff_hist(object, ...)}}{
| ^
checkRd: (-1) mcmc_plots.Rd:264-272: Lost braces
264 | \item{\code{mcmc_neff(object, ...)}, \code{mcmc_neff_hist(object, ...)}}{
| ^
checkRd: (-1) mcmc_plots.Rd:273: Lost braces
273 | \item{\code{mcmc_acf(object, ...)}, \code{mcmc_acf_bar(object, ...)}}{
| ^
checkRd: (-1) mcmc_plots.Rd:273-278: Lost braces
273 | \item{\code{mcmc_acf(object, ...)}, \code{mcmc_acf_bar(object, ...)}}{
| ^
checkRd: (-1) ppc_plots.Rd:78-80: Lost braces in \itemize; meant \describe ?
checkRd: (-1) ppc_plots.Rd:81-83: Lost braces in \itemize; meant \describe ?
checkRd: (-1) ppc_plots.Rd:84-86: Lost braces in \itemize; meant \describe ?
checkRd: (-1) ppc_plots.Rd:87-89: Lost braces in \itemize; meant \describe ?
checkRd: (-1) ppc_plots.Rd:90-92: Lost braces in \itemize; meant \describe ?
checkRd: (-1) ppc_plots.Rd:93-95: Lost braces in \itemize; meant \describe ?
Flavors: r-devel-linux-x86_64-debian-clang, r-devel-linux-x86_64-debian-gcc, r-devel-linux-x86_64-fedora-clang, r-devel-linux-x86_64-fedora-gcc, r-devel-windows-x86_64, r-patched-linux-x86_64, r-release-linux-x86_64, r-release-macos-arm64, r-release-windows-x86_64
Version: 0.0.2
Check: for GNU extensions in Makefiles
Result: NOTE
GNU make is a SystemRequirements.
Flavors: r-devel-linux-x86_64-debian-clang, r-devel-linux-x86_64-debian-gcc, r-devel-linux-x86_64-fedora-clang, r-devel-linux-x86_64-fedora-gcc, r-devel-windows-x86_64, r-patched-linux-x86_64, r-release-linux-x86_64, r-release-macos-arm64, r-release-windows-x86_64, r-oldrel-macos-arm64, r-oldrel-macos-x86_64, r-oldrel-windows-x86_64
Version: 0.0.2
Check: HTML version of manual
Result: NOTE
Found the following HTML validation problems:
getSamples.html:74:1 (getSamples.Rd:35): Warning: trimming empty <h3>
Flavors: r-devel-linux-x86_64-debian-clang, r-devel-linux-x86_64-debian-gcc, r-devel-linux-x86_64-fedora-clang, r-devel-linux-x86_64-fedora-gcc, r-devel-windows-x86_64, r-patched-linux-x86_64, r-release-linux-x86_64, r-release-windows-x86_64
Version: 0.0.2
Check: installed package size
Result: NOTE
installed size is 8.9Mb
sub-directories of 1Mb or more:
libs 7.8Mb
Flavors: r-devel-linux-x86_64-fedora-clang, r-devel-windows-x86_64, r-release-macos-arm64, r-release-windows-x86_64, r-oldrel-macos-arm64, r-oldrel-macos-x86_64, r-oldrel-windows-x86_64
Version: 0.0.2
Check: dependencies in R code
Result: NOTE
Namespaces in Imports field not imported from:
‘MASS’ ‘RcppParallel’ ‘mlbench’ ‘rstantools’
All declared Imports should be used.
Flavors: r-devel-linux-x86_64-fedora-clang, r-devel-linux-x86_64-fedora-gcc
These binaries (installable software) and packages are in development.
They may not be fully stable and should be used with caution. We make no claims about them.
Health stats visible at Monitor.