Last updated on 2025-02-02 05:48:19 CET.
Flavor | Version | Tinstall | Tcheck | Ttotal | Status | Flags |
---|---|---|---|---|---|---|
r-devel-linux-x86_64-debian-clang | 3.0.4 | 5.62 | 24.05 | 29.67 | NOTE | |
r-devel-linux-x86_64-debian-gcc | 3.0.4 | 3.70 | 18.66 | 22.36 | NOTE | |
r-devel-linux-x86_64-fedora-clang | 3.0.4 | 48.33 | NOTE | |||
r-devel-linux-x86_64-fedora-gcc | 3.0.4 | 43.79 | NOTE | |||
r-devel-windows-x86_64 | 3.0.4 | 8.00 | 54.00 | 62.00 | NOTE | |
r-patched-linux-x86_64 | 3.0.4 | 4.97 | 22.22 | 27.19 | NOTE | |
r-release-linux-x86_64 | 3.0.4 | 3.95 | 22.26 | 26.21 | NOTE | |
r-release-macos-arm64 | 3.0.4 | 23.00 | NOTE | |||
r-release-macos-x86_64 | 3.0.4 | 30.00 | NOTE | |||
r-release-windows-x86_64 | 3.0.4 | 8.00 | 47.00 | 55.00 | NOTE | |
r-oldrel-macos-arm64 | 3.0.4 | 22.00 | OK | |||
r-oldrel-macos-x86_64 | 3.0.4 | 43.00 | OK | |||
r-oldrel-windows-x86_64 | 3.0.4 | 9.00 | 48.00 | 57.00 | OK |
Version: 3.0.4
Check: Rd files
Result: NOTE
checkRd: (-1) bayesDccGarch.Rd:91: Lost braces; missing escapes or markup?
91 | \item{$H_n1 }{ Bayesian prediction of volatilities and co-volatilities for y_{n+1}.}
| ^
checkRd: (-1) bayesDccGarch.Rd:92: Lost braces; missing escapes or markup?
92 | \item{$R_n1 }{ Bayesian prediction of coditional correlation for y_{n+1}.}
| ^
Flavors: r-devel-linux-x86_64-debian-clang, r-devel-linux-x86_64-debian-gcc, r-devel-linux-x86_64-fedora-clang, r-devel-linux-x86_64-fedora-gcc, r-devel-windows-x86_64, r-patched-linux-x86_64, r-release-linux-x86_64, r-release-macos-arm64, r-release-macos-x86_64, r-release-windows-x86_64
These binaries (installable software) and packages are in development.
They may not be fully stable and should be used with caution. We make no claims about them.
Health stats visible at Monitor.