Last updated on 2025-02-02 05:48:19 CET.
Flavor | Version | Tinstall | Tcheck | Ttotal | Status | Flags |
---|---|---|---|---|---|---|
r-devel-linux-x86_64-debian-clang | 0.99.3 | 12.01 | 296.24 | 308.25 | NOTE | |
r-devel-linux-x86_64-debian-gcc | 0.99.3 | 8.01 | 204.15 | 212.16 | NOTE | |
r-devel-linux-x86_64-fedora-clang | 0.99.3 | 521.58 | OK | |||
r-devel-linux-x86_64-fedora-gcc | 0.99.3 | 482.50 | OK | |||
r-devel-windows-x86_64 | 0.99.3 | 14.00 | 256.00 | 270.00 | NOTE | |
r-patched-linux-x86_64 | 0.99.3 | 17.56 | 271.01 | 288.57 | OK | |
r-release-linux-x86_64 | 0.99.3 | 11.55 | 272.42 | 283.97 | OK | |
r-release-macos-arm64 | 0.99.3 | 121.00 | OK | |||
r-release-macos-x86_64 | 0.99.3 | 479.00 | OK | |||
r-release-windows-x86_64 | 0.99.3 | 13.00 | 255.00 | 268.00 | OK | |
r-oldrel-macos-arm64 | 0.99.3 | 135.00 | OK | |||
r-oldrel-macos-x86_64 | 0.99.3 | 269.00 | OK | |||
r-oldrel-windows-x86_64 | 0.99.3 | 17.00 | 339.00 | 356.00 | OK |
Version: 0.99.3
Check: Rd cross-references
Result: NOTE
Found the following Rd file(s) with Rd \link{} targets missing package
anchors:
binomialBACT.Rd: bdpnormal
binomial_analysis.Rd: bdpnormal
historical_binomial.Rd: bdpnormal
historical_normal.Rd: bdpnormal
historical_survival.Rd: bdpnormal
normalBACT.Rd: bdpnormal
normal_analysis.Rd: bdpnormal
survivalBACT.Rd: bdpnormal
survival_analysis.Rd: bdpnormal
Please provide package anchors for all Rd \link{} targets not in the
package itself and the base packages.
Flavors: r-devel-linux-x86_64-debian-clang, r-devel-linux-x86_64-debian-gcc, r-devel-windows-x86_64
These binaries (installable software) and packages are in development.
They may not be fully stable and should be used with caution. We make no claims about them.
Health stats visible at Monitor.